Last updated on 2025-07-08 14:49:43 CEST.
Flavor | Version | Tinstall | Tcheck | Ttotal | Status | Flags |
---|---|---|---|---|---|---|
r-devel-linux-x86_64-debian-clang | 0.3-0 | 13.20 | 240.03 | 253.23 | NOTE | |
r-devel-linux-x86_64-debian-gcc | 0.3-0 | 8.81 | 148.11 | 156.92 | NOTE | |
r-devel-linux-x86_64-fedora-clang | 0.3-0 | 387.53 | OK | |||
r-devel-linux-x86_64-fedora-gcc | 0.3-0 | 366.60 | OK | |||
r-devel-windows-x86_64 | 0.3-0 | 13.00 | 218.00 | 231.00 | NOTE | |
r-patched-linux-x86_64 | 0.3-0 | 12.82 | 223.23 | 236.05 | NOTE | |
r-release-linux-x86_64 | 0.3-0 | 13.55 | 222.41 | 235.96 | NOTE | |
r-release-macos-arm64 | 0.3-0 | 89.00 | OK | |||
r-release-macos-x86_64 | 0.3-0 | 219.00 | OK | |||
r-release-windows-x86_64 | 0.3-0 | 13.00 | 211.00 | 224.00 | NOTE | |
r-oldrel-macos-arm64 | 0.3-0 | 85.00 | OK | |||
r-oldrel-macos-x86_64 | 0.3-0 | 140.00 | OK | |||
r-oldrel-windows-x86_64 | 0.3-0 | 19.00 | 298.00 | 317.00 | OK |
Version: 0.3-0
Check: Rd cross-references
Result: NOTE
Found the following Rd file(s) with Rd \link{} targets missing package
anchors:
nmarank.Rd: netmeta
Please provide package anchors for all Rd \link{} targets not in the
package itself and the base packages.
Flavors: r-devel-linux-x86_64-debian-clang, r-devel-linux-x86_64-debian-gcc, r-devel-windows-x86_64, r-patched-linux-x86_64, r-release-linux-x86_64, r-release-windows-x86_64