Last updated on 2025-04-29 13:51:32 CEST.
Flavor | Version | Tinstall | Tcheck | Ttotal | Status | Flags |
---|---|---|---|---|---|---|
r-devel-linux-x86_64-debian-clang | 0.3 | 2.81 | 29.22 | 32.03 | NOTE | |
r-devel-linux-x86_64-debian-gcc | 0.3 | 2.13 | 22.61 | 24.74 | NOTE | |
r-devel-linux-x86_64-fedora-clang | 0.3 | 50.86 | OK | |||
r-devel-linux-x86_64-fedora-gcc | 0.3 | 48.05 | OK | |||
r-devel-windows-x86_64 | 0.3 | 5.00 | 49.00 | 54.00 | OK | |
r-patched-linux-x86_64 | 0.3 | 3.40 | 27.70 | 31.10 | OK | |
r-release-linux-x86_64 | 0.3 | 2.59 | 27.76 | 30.35 | OK | |
r-release-macos-arm64 | 0.3 | 23.00 | OK | |||
r-release-macos-x86_64 | 0.3 | 45.00 | OK | |||
r-release-windows-x86_64 | 0.3 | 3.00 | 54.00 | 57.00 | OK | |
r-oldrel-macos-arm64 | 0.3 | 17.00 | OK | |||
r-oldrel-macos-x86_64 | 0.3 | 37.00 | OK | |||
r-oldrel-windows-x86_64 | 0.3 | 3.00 | 49.00 | 52.00 | OK |
Version: 0.3
Check: CRAN incoming feasibility
Result: NOTE
Maintainer: ‘Baidya Nath Mandal <mandal.stat@gmail.com>’
No Authors@R field in DESCRIPTION.
Please add one, modifying
Authors@R: c(person(given = c("Baidya", "Nath"),
family = "Mandal",
role = c("aut", "cre"),
email = "mandal.stat@gmail.com"),
person(given = "Jun",
family = "Ma",
role = "aut",
email = "jun.ma@mq.edu.au"))
as necessary.
Flavors: r-devel-linux-x86_64-debian-clang, r-devel-linux-x86_64-debian-gcc