Last updated on 2025-11-16 18:49:37 CET.
| Flavor | Version | Tinstall | Tcheck | Ttotal | Status | Flags |
|---|---|---|---|---|---|---|
| r-devel-linux-x86_64-debian-clang | 0.1.4 | 6.11 | 53.54 | 59.65 | NOTE | |
| r-devel-linux-x86_64-debian-gcc | 0.1.4 | 4.50 | 41.43 | 45.93 | NOTE | |
| r-devel-linux-x86_64-fedora-clang | 0.1.4 | 14.00 | 77.15 | 91.15 | OK | |
| r-devel-linux-x86_64-fedora-gcc | 0.1.4 | 14.00 | 73.24 | 87.24 | OK | |
| r-devel-windows-x86_64 | 0.1.4 | 7.00 | 63.00 | 70.00 | OK | |
| r-patched-linux-x86_64 | 0.1.4 | 6.52 | 51.53 | 58.05 | OK | |
| r-release-linux-x86_64 | 0.1.4 | 6.21 | 52.14 | 58.35 | OK | |
| r-release-macos-arm64 | 0.1.4 | 3.00 | 29.00 | 32.00 | OK | |
| r-release-macos-x86_64 | 0.1.4 | 6.00 | 50.00 | 56.00 | OK | |
| r-release-windows-x86_64 | 0.1.4 | 7.00 | 62.00 | 69.00 | OK | |
| r-oldrel-macos-arm64 | 0.1.4 | 3.00 | 26.00 | 29.00 | NOTE | |
| r-oldrel-macos-x86_64 | 0.1.4 | 4.00 | 42.00 | 46.00 | NOTE | |
| r-oldrel-windows-x86_64 | 0.1.4 | 9.00 | 75.00 | 84.00 | NOTE |
Version: 0.1.4
Check: CRAN incoming feasibility
Result: NOTE
Maintainer: ‘Zhao Yang <yangz98@connect.hku.hk>’
No Authors@R field in DESCRIPTION.
Please add one, modifying
Authors@R: person(given = "Zhao",
family = "Yang",
role = c("aut", "cre"),
email = "yangz98@connect.hku.hk")
as necessary.
Flavors: r-devel-linux-x86_64-debian-clang, r-devel-linux-x86_64-debian-gcc
Version: 0.1.4
Check: LazyData
Result: NOTE
'LazyData' is specified without a 'data' directory
Flavors: r-oldrel-macos-arm64, r-oldrel-macos-x86_64, r-oldrel-windows-x86_64