Last updated on 2025-04-29 13:51:32 CEST.
Flavor | Version | Tinstall | Tcheck | Ttotal | Status | Flags |
---|---|---|---|---|---|---|
r-devel-linux-x86_64-debian-clang | 1.0.2 | 1.82 | 20.22 | 22.04 | NOTE | |
r-devel-linux-x86_64-debian-gcc | 1.0.2 | 1.46 | 16.38 | 17.84 | NOTE | |
r-devel-linux-x86_64-fedora-clang | 1.0.2 | 36.17 | OK | |||
r-devel-linux-x86_64-fedora-gcc | 1.0.2 | 32.74 | OK | |||
r-devel-windows-x86_64 | 1.0.2 | 4.00 | 42.00 | 46.00 | OK | |
r-patched-linux-x86_64 | 1.0.2 | 1.91 | 19.35 | 21.26 | OK | |
r-release-linux-x86_64 | 1.0.2 | 1.83 | 19.16 | 20.99 | OK | |
r-release-macos-arm64 | 1.0.2 | 19.00 | OK | |||
r-release-macos-x86_64 | 1.0.2 | 31.00 | OK | |||
r-release-windows-x86_64 | 1.0.2 | 2.00 | 45.00 | 47.00 | OK | |
r-oldrel-macos-arm64 | 1.0.2 | 16.00 | OK | |||
r-oldrel-macos-x86_64 | 1.0.2 | 29.00 | OK | |||
r-oldrel-windows-x86_64 | 1.0.2 | 3.00 | 41.00 | 44.00 | OK |
Version: 1.0.2
Check: CRAN incoming feasibility
Result: NOTE
Maintainer: ‘Audrey Q. Fu <audreyqyfu@gmail.com>’
No Authors@R field in DESCRIPTION.
Please add one, modifying
Authors@R: c(person(given = c("Audrey", "Qiuyan"),
family = "Fu",
role = "aut"),
person(given = "Lior",
family = "Pachter",
role = "aut"),
person(given = c("Audrey", "Q."),
family = "Fu",
role = "cre",
email = "audreyqyfu@gmail.com"))
as necessary.
Flavors: r-devel-linux-x86_64-debian-clang, r-devel-linux-x86_64-debian-gcc