CRAN Package Check Results for Package nonneg.cg

Last updated on 2025-07-18 07:49:37 CEST.

Flavor Version Tinstall Tcheck Ttotal Status Flags
r-devel-linux-x86_64-debian-clang 0.1.6-1 10.75 23.03 33.78 NOTE
r-devel-linux-x86_64-debian-gcc 0.1.6-1 7.73 18.90 26.63 NOTE
r-devel-linux-x86_64-fedora-clang 0.1.6-1 60.02 OK
r-devel-linux-x86_64-fedora-gcc 0.1.6-1 53.50 OK
r-devel-windows-x86_64 0.1.6-1 16.00 66.00 82.00 OK
r-patched-linux-x86_64 0.1.6-1 10.81 21.79 32.60 OK
r-release-linux-x86_64 0.1.6-1 10.61 21.99 32.60 OK
r-release-macos-arm64 0.1.6-1 25.00 OK
r-release-macos-x86_64 0.1.6-1 42.00 OK
r-release-windows-x86_64 0.1.6-1 14.00 67.00 81.00 OK
r-oldrel-macos-arm64 0.1.6-1 21.00 OK
r-oldrel-macos-x86_64 0.1.6-1 30.00 OK
r-oldrel-windows-x86_64 0.1.6-1 15.00 76.00 91.00 OK

Check Details

Version: 0.1.6-1
Check: CRAN incoming feasibility
Result: NOTE Maintainer: ‘David Cortes <david.cortes.rivera@gmail.com>’ No Authors@R field in DESCRIPTION. Please add one, modifying Authors@R: person(given = "David", family = "Cortes", role = c("aut", "cre"), email = "david.cortes.rivera@gmail.com") as necessary. Flavors: r-devel-linux-x86_64-debian-clang, r-devel-linux-x86_64-debian-gcc