Last updated on 2025-11-16 00:48:39 CET.
| Flavor | Version | Tinstall | Tcheck | Ttotal | Status | Flags |
|---|---|---|---|---|---|---|
| r-devel-linux-x86_64-debian-clang | 0.5-8 | 3.43 | 88.70 | 92.13 | OK | |
| r-devel-linux-x86_64-debian-gcc | 0.5-8 | 2.52 | 61.16 | 63.68 | OK | |
| r-devel-linux-x86_64-fedora-clang | 0.5-8 | 12.00 | 112.88 | 124.88 | OK | |
| r-devel-linux-x86_64-fedora-gcc | 0.5-8 | 133.82 | OK | |||
| r-devel-windows-x86_64 | 0.5-8 | 8.00 | 102.00 | 110.00 | OK | |
| r-patched-linux-x86_64 | 0.5-8 | 3.34 | 78.22 | 81.56 | OK | |
| r-release-linux-x86_64 | 0.5-8 | 3.52 | 76.84 | 80.36 | OK | |
| r-release-macos-arm64 | 0.5-8 | 2.00 | 74.00 | 76.00 | OK | |
| r-release-macos-x86_64 | 0.5-8 | 6.00 | 136.00 | 142.00 | OK | |
| r-release-windows-x86_64 | 0.5-8 | 5.00 | 102.00 | 107.00 | OK | |
| r-oldrel-macos-arm64 | 0.5-8 | 2.00 | 49.00 | 51.00 | OK | |
| r-oldrel-macos-x86_64 | 0.5-8 | 5.00 | 138.00 | 143.00 | OK | |
| r-oldrel-windows-x86_64 | 0.5-8 | 7.00 | 91.00 | 98.00 | NOTE |
Version: 0.5-8
Check: package dependencies
Result: NOTE
Package suggested but not available for checking: 'OpenMx'
Flavor: r-oldrel-windows-x86_64