CRAN Package Check Results for Package nonpar

Last updated on 2025-04-29 13:51:32 CEST.

Flavor Version Tinstall Tcheck Ttotal Status Flags
r-devel-linux-x86_64-debian-clang 1.0.2 2.04 19.81 21.85 NOTE
r-devel-linux-x86_64-debian-gcc 1.0.2 1.49 15.46 16.95 NOTE
r-devel-linux-x86_64-fedora-clang 1.0.2 34.24 OK
r-devel-linux-x86_64-fedora-gcc 1.0.2 33.67 OK
r-devel-windows-x86_64 1.0.2 4.00 42.00 46.00 OK
r-patched-linux-x86_64 1.0.2 2.03 19.00 21.03 OK
r-release-linux-x86_64 1.0.2 2.08 18.77 20.85 OK
r-release-macos-arm64 1.0.2 18.00 OK
r-release-macos-x86_64 1.0.2 30.00 OK
r-release-windows-x86_64 1.0.2 3.00 46.00 49.00 OK
r-oldrel-macos-arm64 1.0.2 16.00 NOTE
r-oldrel-macos-x86_64 1.0.2 21.00 NOTE
r-oldrel-windows-x86_64 1.0.2 3.00 41.00 44.00 NOTE

Check Details

Version: 1.0.2
Check: CRAN incoming feasibility
Result: NOTE Maintainer: ‘D. Lukke Sweet <dlukkesweet@gmail.com>’ No Authors@R field in DESCRIPTION. Please add one, modifying Authors@R: person(given = c("D.", "Lukke"), family = "Sweet", role = c("aut", "cre"), email = "dlukkesweet@gmail.com") as necessary. Flavors: r-devel-linux-x86_64-debian-clang, r-devel-linux-x86_64-debian-gcc

Version: 1.0.2
Check: LazyData
Result: NOTE 'LazyData' is specified without a 'data' directory Flavors: r-oldrel-macos-arm64, r-oldrel-macos-x86_64, r-oldrel-windows-x86_64