CRAN Package Check Results for Package npbr

Last updated on 2025-04-29 13:51:32 CEST.

Flavor Version Tinstall Tcheck Ttotal Status Flags
r-devel-linux-x86_64-debian-clang 1.8 10.38 122.09 132.47 NOTE
r-devel-linux-x86_64-debian-gcc 1.8 7.56 91.55 99.11 NOTE
r-devel-linux-x86_64-fedora-clang 1.8 217.49 OK
r-devel-linux-x86_64-fedora-gcc 1.8 220.22 OK
r-devel-windows-x86_64 1.8 13.00 165.00 178.00 OK
r-patched-linux-x86_64 1.8 10.67 118.16 128.83 OK
r-release-linux-x86_64 1.8 9.09 117.02 126.11 OK
r-release-macos-arm64 1.8 69.00 OK
r-release-macos-x86_64 1.8 147.00 OK
r-release-windows-x86_64 1.8 14.00 168.00 182.00 OK
r-oldrel-macos-arm64 1.8 78.00 OK
r-oldrel-macos-x86_64 1.8 119.00 OK
r-oldrel-windows-x86_64 1.8 15.00 194.00 209.00 OK

Check Details

Version: 1.8
Check: CRAN incoming feasibility
Result: NOTE Maintainer: ‘Thibault Laurent <thibault.laurent@univ-tlse1.fr>’ No Authors@R field in DESCRIPTION. Please add one, modifying Authors@R: c(person(given = "Abdelaati", family = "Daouia", role = "aut", email = "Abdelaati.Daouia@tse-fr.eu"), person(given = "Thibault", family = "Laurent", role = c("aut", "cre"), email = "thibault.laurent@univ-tlse1.fr"), person(given = "Hohsuk", family = "Noh", role = "aut", email = "word5810@gmail.com")) as necessary. Flavors: r-devel-linux-x86_64-debian-clang, r-devel-linux-x86_64-debian-gcc