CRAN Package Check Results for Package nph

Last updated on 2025-04-30 13:54:22 CEST.

Flavor Version Tinstall Tcheck Ttotal Status Flags
r-devel-linux-x86_64-debian-clang 2.1 11.29 224.26 235.55 NOTE
r-devel-linux-x86_64-debian-gcc 2.1 8.18 171.35 179.53 NOTE
r-devel-linux-x86_64-fedora-clang 2.1 325.71 OK
r-devel-linux-x86_64-fedora-gcc 2.1 339.59 OK
r-devel-windows-x86_64 2.1 14.00 238.00 252.00 OK
r-patched-linux-x86_64 2.1 11.57 210.73 222.30 OK
r-release-linux-x86_64 2.1 11.13 218.49 229.62 OK
r-release-macos-arm64 2.1 87.00 OK
r-release-macos-x86_64 2.1 162.00 OK
r-release-windows-x86_64 2.1 13.00 244.00 257.00 OK
r-oldrel-macos-arm64 2.1 92.00 OK
r-oldrel-macos-x86_64 2.1 152.00 OK
r-oldrel-windows-x86_64 2.1 16.00 278.00 294.00 OK

Check Details

Version: 2.1
Check: CRAN incoming feasibility
Result: NOTE Maintainer: ‘Robin Ristl <robin.ristl@meduniwien.ac.at>’ Package CITATION file contains call(s) to old-style personList() or as.personList(). Please use c() on person objects instead. Package CITATION file contains call(s) to old-style citEntry(). Please use bibentry() instead. Flavors: r-devel-linux-x86_64-debian-clang, r-devel-linux-x86_64-debian-gcc