Last updated on 2025-04-29 13:51:32 CEST.
Flavor | Version | Tinstall | Tcheck | Ttotal | Status | Flags |
---|---|---|---|---|---|---|
r-devel-linux-x86_64-debian-clang | 4.7 | 2.86 | 23.53 | 26.39 | NOTE | |
r-devel-linux-x86_64-debian-gcc | 4.7 | 1.97 | 18.51 | 20.48 | NOTE | |
r-devel-linux-x86_64-fedora-clang | 4.7 | 41.59 | OK | |||
r-devel-linux-x86_64-fedora-gcc | 4.7 | 40.23 | OK | |||
r-devel-windows-x86_64 | 4.7 | 3.00 | 42.00 | 45.00 | OK | |
r-patched-linux-x86_64 | 4.7 | 2.76 | 22.77 | 25.53 | OK | |
r-release-linux-x86_64 | 4.7 | 2.40 | 22.38 | 24.78 | OK | |
r-release-macos-arm64 | 4.7 | 19.00 | OK | |||
r-release-macos-x86_64 | 4.7 | 33.00 | OK | |||
r-release-windows-x86_64 | 4.7 | 3.00 | 46.00 | 49.00 | OK | |
r-oldrel-macos-arm64 | 4.7 | 16.00 | OK | |||
r-oldrel-macos-x86_64 | 4.7 | 23.00 | OK | |||
r-oldrel-windows-x86_64 | 4.7 | 4.00 | 41.00 | 45.00 | OK |
Version: 4.7
Check: CRAN incoming feasibility
Result: NOTE
Maintainer: ‘Daniel E. Weeks <weeks@pitt.edu>’
No Authors@R field in DESCRIPTION.
Please add one, modifying
Authors@R: c(person(given = c("Robert", "V"),
family = "Baron",
role = "aut",
email = "rvb5@pitt.edu"),
person(given = "Nandita",
family = "Mukhopadhyay",
role = "aut"),
person(given = "Xinyu",
family = "Tang",
role = "aut"),
person(given = c("Daniel", "E."),
family = "Weeks",
role = c("aut", "cre"),
email = "weeks@pitt.edu"))
as necessary.
Flavors: r-devel-linux-x86_64-debian-clang, r-devel-linux-x86_64-debian-gcc