Last updated on 2025-07-18 13:49:38 CEST.
Flavor | Version | Tinstall | Tcheck | Ttotal | Status | Flags |
---|---|---|---|---|---|---|
r-devel-linux-x86_64-debian-clang | 1.1.0 | 16.45 | 87.72 | 104.17 | NOTE | |
r-devel-linux-x86_64-debian-gcc | 1.1.0 | 10.63 | 55.80 | 66.43 | NOTE | |
r-devel-linux-x86_64-fedora-clang | 1.1.0 | 158.19 | OK | |||
r-devel-linux-x86_64-fedora-gcc | 1.1.0 | 155.76 | OK | |||
r-devel-windows-x86_64 | 1.1.0 | 14.00 | 104.00 | 118.00 | OK | |
r-patched-linux-x86_64 | 1.1.0 | 17.09 | 80.68 | 97.77 | OK | |
r-release-linux-x86_64 | 1.1.0 | 15.47 | 80.29 | 95.76 | OK | |
r-release-macos-arm64 | 1.1.0 | 44.00 | OK | |||
r-release-macos-x86_64 | 1.1.0 | 94.00 | OK | |||
r-release-windows-x86_64 | 1.1.0 | 15.00 | 105.00 | 120.00 | OK | |
r-oldrel-macos-arm64 | 1.1.0 | 37.00 | OK | |||
r-oldrel-macos-x86_64 | 1.1.0 | 60.00 | OK | |||
r-oldrel-windows-x86_64 | 1.1.0 | 14.00 | 122.00 | 136.00 | OK |
Version: 1.1.0
Check: CRAN incoming feasibility
Result: NOTE
Maintainer: ‘Nathaniel E. Helwig <helwig@umn.edu>’
No Authors@R field in DESCRIPTION.
Please add one, modifying
Authors@R: person(given = c("Nathaniel", "E."),
family = "Helwig",
role = c("aut", "cre"),
email = "helwig@umn.edu")
as necessary.
Flavors: r-devel-linux-x86_64-debian-clang, r-devel-linux-x86_64-debian-gcc