Last updated on 2025-07-18 13:49:38 CEST.
Flavor | Version | Tinstall | Tcheck | Ttotal | Status | Flags |
---|---|---|---|---|---|---|
r-devel-linux-x86_64-debian-clang | 1.21 | 17.15 | 72.28 | 89.43 | NOTE | |
r-devel-linux-x86_64-debian-gcc | 1.21 | 12.13 | 56.53 | 68.66 | NOTE | |
r-devel-linux-x86_64-fedora-clang | 1.21 | 140.12 | OK | |||
r-devel-linux-x86_64-fedora-gcc | 1.21 | 133.70 | OK | |||
r-devel-windows-x86_64 | 1.21 | 20.00 | 95.00 | 115.00 | NOTE | |
r-patched-linux-x86_64 | 1.21 | 15.71 | 69.60 | 85.31 | NOTE | |
r-release-linux-x86_64 | 1.21 | 13.70 | 68.74 | 82.44 | NOTE | |
r-release-macos-arm64 | 1.21 | 74.00 | OK | |||
r-release-macos-x86_64 | 1.21 | 90.00 | OK | |||
r-release-windows-x86_64 | 1.21 | 22.00 | 97.00 | 119.00 | NOTE | |
r-oldrel-macos-arm64 | 1.21 | 45.00 | OK | |||
r-oldrel-macos-x86_64 | 1.21 | 72.00 | OK | |||
r-oldrel-windows-x86_64 | 1.21 | 26.00 | 120.00 | 146.00 | OK |
Version: 1.21
Check: CRAN incoming feasibility
Result: NOTE
Maintainer: ‘Keven Bluteau <keven.bluteau@usherbrooke.ca>’
Package CITATION file contains call(s) to old-style personList() or
as.personList(). Please use c() on person objects instead.
Package CITATION file contains call(s) to old-style citEntry(). Please
use bibentry() instead.
Flavors: r-devel-linux-x86_64-debian-clang, r-devel-linux-x86_64-debian-gcc
Version: 1.21
Check: Rd cross-references
Result: NOTE
Found the following Rd file(s) with Rd \link{} targets missing package
anchors:
nse.andrews.Rd: sandwich
nse.boot.Rd: np
nse.geyer.Rd: mcmc, mcmcse
nse.hiruk.Rd: sandwich
nse.nw.Rd: sandwich
Please provide package anchors for all Rd \link{} targets not in the
package itself and the base packages.
Flavors: r-devel-linux-x86_64-debian-clang, r-devel-linux-x86_64-debian-gcc, r-devel-windows-x86_64, r-patched-linux-x86_64, r-release-linux-x86_64, r-release-windows-x86_64