Last updated on 2024-06-27 16:49:10 CEST.
Flavor | Version | Tinstall | Tcheck | Ttotal | Status | Flags |
---|---|---|---|---|---|---|
r-devel-linux-x86_64-debian-clang | 0.5.1 | WARN | ||||
r-devel-linux-x86_64-debian-gcc | 0.5.1 | 4.43 | 29.17 | 33.60 | WARN | |
r-devel-linux-x86_64-fedora-clang | 0.5.1 | 54.49 | WARN | |||
r-devel-linux-x86_64-fedora-gcc | 0.5.1 | 55.38 | WARN | |||
r-devel-windows-x86_64 | 0.5.1 | 9.00 | 61.00 | 70.00 | WARN | |
r-patched-linux-x86_64 | 0.5.1 | 5.68 | 37.18 | 42.86 | OK | |
r-release-linux-x86_64 | 0.5.1 | 4.69 | 37.75 | 42.44 | OK | |
r-release-macos-arm64 | 0.5.1 | 23.00 | OK | |||
r-release-macos-x86_64 | 0.5.1 | 32.00 | OK | |||
r-release-windows-x86_64 | 0.5.1 | 8.00 | 61.00 | 69.00 | OK | |
r-oldrel-macos-arm64 | 0.5.1 | 41.00 | OK | |||
r-oldrel-macos-x86_64 | 0.5.1 | 81.00 | OK | |||
r-oldrel-windows-x86_64 | 0.5.1 | 9.00 | 66.00 | 75.00 | OK |
Version: 0.5.1
Check: compiled code
Result: WARN
File ‘nseval/libs/nseval.so’:
Found non-API calls to R: ‘DDVAL’, ‘PRCODE’, ‘PRENV’, ‘PRVALUE’,
‘R_PromiseExpr’, ‘Rf_findVarInFrame3’, ‘SET_BODY’, ‘SET_CLOENV’,
‘SET_FORMALS’, ‘SET_PRCODE’, ‘SET_PRENV’, ‘SET_PRVALUE’,
‘SET_TYPEOF’
These entry points may be removed soon:
‘DDVAL’
Compiled code should not call non-API entry points in R.
See ‘Writing portable packages’ in the ‘Writing R Extensions’ manual.
Flavors: r-devel-linux-x86_64-debian-clang, r-devel-linux-x86_64-fedora-clang, r-devel-linux-x86_64-fedora-gcc
Version: 0.5.1
Check: compiled code
Result: WARN
File ‘nseval/libs/nseval.so’:
Found non-API calls to R: ‘DDVAL’, ‘PRCODE’, ‘PRENV’, ‘PRVALUE’,
‘R_PromiseExpr’, ‘Rf_findVarInFrame3’, ‘SET_BODY’, ‘SET_CLOENV’,
‘SET_FORMALS’, ‘SET_PRCODE’, ‘SET_PRENV’, ‘SET_PRVALUE’,
‘SET_TYPEOF’
These entry points may be removed soon:
‘DDVAL’
Compiled code should not call non-API entry points in R.
See ‘Writing portable packages’ in the ‘Writing R Extensions’ manual.
See section ‘Moving into C API compliance’ in the ‘Writing R
Extensions’ manual for issues with use of non-API entry points.
Flavor: r-devel-linux-x86_64-debian-gcc
Version: 0.5.1
Check: compiled code
Result: WARN
File 'nseval/libs/x64/nseval.dll':
Found non-API calls to R: 'DDVAL', 'PRCODE', 'PRENV', 'PRVALUE',
'R_PromiseExpr', 'Rf_findVarInFrame3', 'SET_BODY', 'SET_CLOENV',
'SET_FORMALS', 'SET_PRCODE', 'SET_PRENV', 'SET_PRVALUE',
'SET_TYPEOF'
These entry points may be removed soon:
'DDVAL'
Compiled code should not call non-API entry points in R.
See 'Writing portable packages' in the 'Writing R Extensions' manual.
Flavor: r-devel-windows-x86_64