Last updated on 2025-11-16 00:48:39 CET.
| Flavor | Version | Tinstall | Tcheck | Ttotal | Status | Flags |
|---|---|---|---|---|---|---|
| r-devel-linux-x86_64-debian-clang | 2.1.0 | 123.19 | 183.88 | 307.07 | OK | |
| r-devel-linux-x86_64-debian-gcc | 2.1.0 | 101.04 | 129.89 | 230.93 | NOTE | |
| r-devel-linux-x86_64-fedora-clang | 2.1.0 | 546.00 | 33.43 | 579.43 | OK | |
| r-devel-linux-x86_64-fedora-gcc | 2.1.0 | 219.00 | 342.00 | 561.00 | OK | |
| r-devel-windows-x86_64 | 2.1.0 | 189.00 | 206.00 | 395.00 | OK | |
| r-patched-linux-x86_64 | 2.1.0 | 138.20 | 175.52 | 313.72 | OK | |
| r-release-linux-x86_64 | 2.1.0 | 136.81 | 174.66 | 311.47 | OK | |
| r-release-macos-arm64 | 2.1.0 | 71.00 | 195.00 | 266.00 | OK | |
| r-release-macos-x86_64 | 2.1.0 | 58.00 | 254.00 | 312.00 | OK | |
| r-release-windows-x86_64 | 2.1.0 | 145.00 | 209.00 | 354.00 | OK | |
| r-oldrel-macos-arm64 | 2.1.0 | 51.00 | 85.00 | 136.00 | NOTE | |
| r-oldrel-macos-x86_64 | 2.1.0 | 58.00 | 208.00 | 266.00 | NOTE | |
| r-oldrel-windows-x86_64 | 2.1.0 | 184.00 | 264.00 | 448.00 | OK |
Version: 2.1.0
Check: CRAN incoming feasibility
Result: NOTE
Maintainer: ‘Michal Burda <michal.burda@osu.cz>’
The BugReports field in DESCRIPTION has
https://github.com/beerda/nuggets/issues/
which should likely be
https://github.com/beerda/nuggets/issues/issues
instead.
Flavor: r-devel-linux-x86_64-debian-gcc
Version: 2.1.0
Check: installed package size
Result: NOTE
installed size is 15.1Mb
sub-directories of 1Mb or more:
libs 12.9Mb
Flavors: r-oldrel-macos-arm64, r-oldrel-macos-x86_64