CRAN Package Check Results for Package numGen

Last updated on 2025-04-29 13:51:32 CEST.

Flavor Version Tinstall Tcheck Ttotal Status Flags
r-devel-linux-x86_64-debian-clang 0.1.1 2.66 21.66 24.32 OK
r-devel-linux-x86_64-debian-gcc 0.1.1 1.81 16.95 18.76 OK
r-devel-linux-x86_64-fedora-clang 0.1.1 38.20 OK
r-devel-linux-x86_64-fedora-gcc 0.1.1 36.91 OK
r-devel-windows-x86_64 0.1.1 4.00 40.00 44.00 OK
r-patched-linux-x86_64 0.1.1 2.63 20.62 23.25 OK
r-release-linux-x86_64 0.1.1 2.55 20.74 23.29 OK
r-release-macos-arm64 0.1.1 17.00 OK
r-release-macos-x86_64 0.1.1 39.00 OK
r-release-windows-x86_64 0.1.1 3.00 43.00 46.00 OK
r-oldrel-macos-arm64 0.1.1 16.00 NOTE
r-oldrel-macos-x86_64 0.1.1 32.00 NOTE
r-oldrel-windows-x86_64 0.1.1 3.00 39.00 42.00 NOTE

Check Details

Version: 0.1.1
Check: LazyData
Result: NOTE 'LazyData' is specified without a 'data' directory Flavors: r-oldrel-macos-arm64, r-oldrel-macos-x86_64, r-oldrel-windows-x86_64