Last updated on 2025-04-29 13:51:32 CEST.
Flavor | Version | Tinstall | Tcheck | Ttotal | Status | Flags |
---|---|---|---|---|---|---|
r-devel-linux-x86_64-debian-clang | 2.8 | 33.61 | 75.64 | 109.25 | NOTE | |
r-devel-linux-x86_64-debian-gcc | 2.8 | 18.91 | 49.14 | 68.05 | OK | |
r-devel-linux-x86_64-fedora-clang | 2.8 | 170.61 | OK | |||
r-devel-linux-x86_64-fedora-gcc | 2.8 | 164.54 | OK | |||
r-devel-windows-x86_64 | 2.8 | 37.00 | 97.00 | 134.00 | OK | |
r-patched-linux-x86_64 | 2.8 | 28.59 | 71.09 | 99.68 | OK | |
r-release-linux-x86_64 | 2.8 | 28.59 | 70.49 | 99.08 | OK | |
r-release-macos-arm64 | 2.8 | 47.00 | OK | |||
r-release-macos-x86_64 | 2.8 | 115.00 | OK | |||
r-release-windows-x86_64 | 2.8 | 38.00 | 102.00 | 140.00 | OK | |
r-oldrel-macos-arm64 | 2.8 | 45.00 | OK | |||
r-oldrel-macos-x86_64 | 2.8 | 83.00 | OK | |||
r-oldrel-windows-x86_64 | 2.8 | 35.00 | 92.00 | 127.00 | OK |
Version: 2.8
Check: examples
Result: NOTE
Examples with CPU (user + system) or elapsed time > 5s
user system elapsed
calDA 4.307 0.003 5.064
Flavor: r-devel-linux-x86_64-debian-clang