Last updated on 2025-11-16 06:49:45 CET.
| Flavor | Version | Tinstall | Tcheck | Ttotal | Status | Flags |
|---|---|---|---|---|---|---|
| r-devel-linux-x86_64-debian-clang | 0.2.0 | 17.55 | 29.96 | 47.51 | OK | |
| r-devel-linux-x86_64-debian-gcc | 0.2.0 | 12.19 | 25.13 | 37.32 | NOTE | |
| r-devel-linux-x86_64-fedora-clang | 0.2.0 | 38.00 | 31.22 | 69.22 | OK | |
| r-devel-linux-x86_64-fedora-gcc | 0.2.0 | 37.00 | 31.66 | 68.66 | OK | |
| r-devel-windows-x86_64 | 0.2.0 | 17.00 | 44.00 | 61.00 | OK | |
| r-patched-linux-x86_64 | 0.2.0 | 15.99 | 28.07 | 44.06 | OK | |
| r-release-linux-x86_64 | 0.2.0 | 16.10 | 27.75 | 43.85 | OK | |
| r-release-macos-arm64 | 0.2.0 | 10.00 | 23.00 | 33.00 | OK | |
| r-release-macos-x86_64 | 0.2.0 | 22.00 | 39.00 | 61.00 | OK | |
| r-release-windows-x86_64 | 0.2.0 | 16.00 | 44.00 | 60.00 | OK | |
| r-oldrel-macos-arm64 | 0.2.0 | 9.00 | 31.00 | 40.00 | NOTE | |
| r-oldrel-macos-x86_64 | 0.2.0 | 17.00 | 45.00 | 62.00 | NOTE | |
| r-oldrel-windows-x86_64 | 0.2.0 | 15.00 | 52.00 | 67.00 | NOTE |
Version: 0.2.0
Check: CRAN incoming feasibility
Result: NOTE
Maintainer: ‘Chester Ismay <chester.ismay@gmail.com>’
The BugReports field in DESCRIPTION has
https://github.com/moderndive/nycflights23/issues/
which should likely be
https://github.com/moderndive/nycflights23/issues/issues
instead.
Flavor: r-devel-linux-x86_64-debian-gcc
Version: 0.2.0
Check: installed package size
Result: NOTE
installed size is 6.5Mb
sub-directories of 1Mb or more:
data 6.4Mb
Flavors: r-oldrel-macos-arm64, r-oldrel-macos-x86_64, r-oldrel-windows-x86_64