Last updated on 2024-06-27 16:49:10 CEST.
Flavor | Version | Tinstall | Tcheck | Ttotal | Status | Flags |
---|---|---|---|---|---|---|
r-devel-linux-x86_64-debian-clang | 0.1.2 | NOTE | ||||
r-devel-linux-x86_64-debian-gcc | 0.1.2 | 39.56 | 86.79 | 126.35 | NOTE | |
r-devel-linux-x86_64-fedora-clang | 0.1.2 | 237.08 | NOTE | |||
r-devel-linux-x86_64-fedora-gcc | 0.1.2 | 230.99 | NOTE | |||
r-devel-windows-x86_64 | 0.1.2 | 45.00 | 112.00 | 157.00 | NOTE | |
r-patched-linux-x86_64 | 0.1.2 | 41.09 | 114.17 | 155.26 | OK | |
r-release-linux-x86_64 | 0.1.2 | 45.94 | 112.38 | 158.32 | OK | |
r-release-macos-arm64 | 0.1.2 | 53.00 | OK | |||
r-release-macos-x86_64 | 0.1.2 | 76.00 | OK | |||
r-release-windows-x86_64 | 0.1.2 | 47.00 | 116.00 | 163.00 | OK | |
r-oldrel-macos-arm64 | 0.1.2 | 64.00 | OK | |||
r-oldrel-macos-x86_64 | 0.1.2 | 103.00 | OK | |||
r-oldrel-windows-x86_64 | 0.1.2 | 59.00 | 139.00 | 198.00 | OK |
Version: 0.1.2
Check: compiled code
Result: NOTE
File ‘obliqueRSF/libs/obliqueRSF.so’:
Found non-API call to R: ‘STRING_PTR’
Compiled code should not call non-API entry points in R.
See ‘Writing portable packages’ in the ‘Writing R Extensions’ manual.
Flavors: r-devel-linux-x86_64-debian-clang, r-devel-linux-x86_64-fedora-clang, r-devel-linux-x86_64-fedora-gcc
Version: 0.1.2
Check: compiled code
Result: NOTE
File ‘obliqueRSF/libs/obliqueRSF.so’:
Found non-API call to R: ‘STRING_PTR’
Compiled code should not call non-API entry points in R.
See ‘Writing portable packages’ in the ‘Writing R Extensions’ manual.
See section ‘Moving into C API compliance’ in the ‘Writing R
Extensions’ manual for issues with use of non-API entry points.
Flavor: r-devel-linux-x86_64-debian-gcc
Version: 0.1.2
Check: compiled code
Result: NOTE
File 'obliqueRSF/libs/x64/obliqueRSF.dll':
Found non-API call to R: 'STRING_PTR'
Compiled code should not call non-API entry points in R.
See 'Writing portable packages' in the 'Writing R Extensions' manual.
Flavor: r-devel-windows-x86_64