Last updated on 2024-07-13 11:49:21 CEST.
Flavor | Version | Tinstall | Tcheck | Ttotal | Status | Flags |
---|---|---|---|---|---|---|
r-devel-linux-x86_64-debian-clang | 0.1.2 | 53.77 | 119.09 | 172.86 | NOTE | |
r-devel-linux-x86_64-debian-gcc | 0.1.2 | 41.33 | 86.90 | 128.23 | NOTE | |
r-devel-linux-x86_64-fedora-clang | 0.1.2 | 235.39 | NOTE | |||
r-devel-linux-x86_64-fedora-gcc | 0.1.2 | 222.75 | NOTE | |||
r-devel-windows-x86_64 | 0.1.2 | 44.00 | 118.00 | 162.00 | NOTE | |
r-patched-linux-x86_64 | 0.1.2 | 36.22 | 111.39 | 147.61 | OK | |
r-release-linux-x86_64 | 0.1.2 | 35.22 | 111.20 | 146.42 | OK | |
r-release-macos-arm64 | 0.1.2 | 53.00 | OK | |||
r-release-macos-x86_64 | 0.1.2 | 76.00 | OK | |||
r-release-windows-x86_64 | 0.1.2 | 44.00 | 118.00 | 162.00 | OK | |
r-oldrel-macos-arm64 | 0.1.2 | 64.00 | OK | |||
r-oldrel-macos-x86_64 | 0.1.2 | 103.00 | OK | |||
r-oldrel-windows-x86_64 | 0.1.2 | 58.00 | 139.00 | 197.00 | OK |
Version: 0.1.2
Check: compiled code
Result: NOTE
File ‘obliqueRSF/libs/obliqueRSF.so’:
Found non-API call to R: ‘STRING_PTR’
Compiled code should not call non-API entry points in R.
See ‘Writing portable packages’ in the ‘Writing R Extensions’ manual,
and section ‘Moving into C API compliance’ for issues with the use of
non-API entry points.
Flavors: r-devel-linux-x86_64-debian-clang, r-devel-linux-x86_64-debian-gcc, r-devel-linux-x86_64-fedora-clang, r-devel-linux-x86_64-fedora-gcc
Version: 0.1.2
Check: compiled code
Result: NOTE
File 'obliqueRSF/libs/x64/obliqueRSF.dll':
Found non-API call to R: 'STRING_PTR'
Compiled code should not call non-API entry points in R.
See 'Writing portable packages' in the 'Writing R Extensions' manual,
and section 'Moving into C API compliance' for issues with the use of
non-API entry points.
Flavor: r-devel-windows-x86_64