Last updated on 2025-04-29 13:51:32 CEST.
Flavor | Version | Tinstall | Tcheck | Ttotal | Status | Flags |
---|---|---|---|---|---|---|
r-devel-linux-x86_64-debian-clang | 1.4 | 1.81 | 19.10 | 20.91 | NOTE | |
r-devel-linux-x86_64-debian-gcc | 1.4 | 1.42 | 15.01 | 16.43 | NOTE | |
r-devel-linux-x86_64-fedora-clang | 1.4 | 32.38 | OK | |||
r-devel-linux-x86_64-fedora-gcc | 1.4 | 30.43 | OK | |||
r-devel-windows-x86_64 | 1.4 | 3.00 | 42.00 | 45.00 | OK | |
r-patched-linux-x86_64 | 1.4 | 1.97 | 18.08 | 20.05 | OK | |
r-release-linux-x86_64 | 1.4 | 1.84 | 18.18 | 20.02 | OK | |
r-release-macos-arm64 | 1.4 | 14.00 | OK | |||
r-release-macos-x86_64 | 1.4 | 34.00 | OK | |||
r-release-windows-x86_64 | 1.4 | 3.00 | 47.00 | 50.00 | OK | |
r-oldrel-macos-arm64 | 1.4 | 14.00 | OK | |||
r-oldrel-macos-x86_64 | 1.4 | 28.00 | OK | |||
r-oldrel-windows-x86_64 | 1.4 | 2.00 | 42.00 | 44.00 | OK |
Version: 1.4
Check: CRAN incoming feasibility
Result: NOTE
Maintainer: ‘Greg Snow <538280@gmail.com>’
No Authors@R field in DESCRIPTION.
Please add one, modifying
Authors@R: person(given = "Greg",
family = "Snow",
role = c("aut", "cre"),
email = "538280@gmail.com")
as necessary.
Flavors: r-devel-linux-x86_64-debian-clang, r-devel-linux-x86_64-debian-gcc