Last updated on 2025-11-16 12:49:38 CET.
| Flavor | Version | Tinstall | Tcheck | Ttotal | Status | Flags |
|---|---|---|---|---|---|---|
| r-devel-linux-x86_64-debian-clang | 0.1.7 | 42.46 | 353.64 | 396.10 | OK | |
| r-devel-linux-x86_64-debian-gcc | 0.1.7 | 24.06 | 235.29 | 259.35 | OK | |
| r-devel-linux-x86_64-fedora-clang | 0.1.7 | 87.00 | 532.74 | 619.74 | OK | |
| r-devel-linux-x86_64-fedora-gcc | 0.1.7 | 190.00 | 466.09 | 656.09 | OK | |
| r-devel-windows-x86_64 | 0.1.7 | 43.00 | 291.00 | 334.00 | OK | |
| r-patched-linux-x86_64 | 0.1.7 | 34.88 | 340.06 | 374.94 | OK | |
| r-release-linux-x86_64 | 0.1.7 | 39.66 | 343.00 | 382.66 | OK | |
| r-release-macos-arm64 | 0.1.7 | 16.00 | 121.00 | 137.00 | OK | |
| r-release-macos-x86_64 | 0.1.7 | 52.00 | 408.00 | 460.00 | OK | |
| r-release-windows-x86_64 | 0.1.7 | 39.00 | 289.00 | 328.00 | OK | |
| r-oldrel-macos-arm64 | 0.1.7 | 17.00 | 125.00 | 142.00 | NOTE | |
| r-oldrel-macos-x86_64 | 0.1.7 | 58.00 | 425.00 | 483.00 | NOTE | |
| r-oldrel-windows-x86_64 | 0.1.7 | 55.00 | 391.00 | 446.00 | NOTE |
Version: 0.1.7
Check: installed package size
Result: NOTE
installed size is 6.2Mb
sub-directories of 1Mb or more:
R 1.6Mb
test_files 4.2Mb
Flavors: r-oldrel-macos-arm64, r-oldrel-macos-x86_64, r-oldrel-windows-x86_64