Last updated on 2025-04-29 13:51:32 CEST.
Flavor | Version | Tinstall | Tcheck | Ttotal | Status | Flags |
---|---|---|---|---|---|---|
r-devel-linux-x86_64-debian-clang | 1.0.0 | 11.84 | 21.52 | 33.36 | NOTE | |
r-devel-linux-x86_64-debian-gcc | 1.0.0 | 8.71 | 17.97 | 26.68 | NOTE | |
r-devel-linux-x86_64-fedora-clang | 1.0.0 | 51.62 | OK | |||
r-devel-linux-x86_64-fedora-gcc | 1.0.0 | 50.76 | OK | |||
r-devel-windows-x86_64 | 1.0.0 | 11.00 | 38.00 | 49.00 | OK | |
r-patched-linux-x86_64 | 1.0.0 | 12.29 | 20.38 | 32.67 | OK | |
r-release-linux-x86_64 | 1.0.0 | 13.78 | 20.33 | 34.11 | OK | |
r-release-macos-arm64 | 1.0.0 | 25.00 | OK | |||
r-release-macos-x86_64 | 1.0.0 | 42.00 | OK | |||
r-release-windows-x86_64 | 1.0.0 | 10.00 | 41.00 | 51.00 | OK | |
r-oldrel-macos-arm64 | 1.0.0 | 22.00 | NOTE | |||
r-oldrel-macos-x86_64 | 1.0.0 | 31.00 | NOTE | |||
r-oldrel-windows-x86_64 | 1.0.0 | 11.00 | 43.00 | 54.00 | OK |
Version: 1.0.0
Check: CRAN incoming feasibility
Result: NOTE
Maintainer: ‘Christopher Mann <cmann3@unl.edu>’
No Authors@R field in DESCRIPTION.
Please add one, modifying
Authors@R: person(given = "Christopher",
family = "Mann",
role = c("aut", "cre"),
email = "cmann3@unl.edu")
as necessary.
Flavors: r-devel-linux-x86_64-debian-clang, r-devel-linux-x86_64-debian-gcc
Version: 1.0.0
Check: installed package size
Result: NOTE
installed size is 5.3Mb
sub-directories of 1Mb or more:
data 5.2Mb
Flavors: r-oldrel-macos-arm64, r-oldrel-macos-x86_64