Last updated on 2024-06-27 16:49:10 CEST.
Flavor | Version | Tinstall | Tcheck | Ttotal | Status | Flags |
---|---|---|---|---|---|---|
r-devel-linux-x86_64-debian-clang | 1.0.1 | OK | ||||
r-devel-linux-x86_64-debian-gcc | 1.0.1 | 10.22 | 199.33 | 209.55 | OK | |
r-devel-linux-x86_64-fedora-clang | 1.0.1 | 360.11 | NOTE | |||
r-devel-linux-x86_64-fedora-gcc | 1.0.1 | 353.97 | OK | |||
r-devel-windows-x86_64 | 1.0.1 | 13.00 | 258.00 | 271.00 | NOTE | |
r-patched-linux-x86_64 | 1.0.1 | 9.38 | 267.72 | 277.10 | OK | |
r-release-linux-x86_64 | 1.0.1 | 9.73 | 262.91 | 272.64 | OK | |
r-release-macos-arm64 | 1.0.1 | 124.00 | NOTE | |||
r-release-macos-x86_64 | 1.0.1 | 189.00 | NOTE | |||
r-release-windows-x86_64 | 1.0.1 | 14.00 | 256.00 | 270.00 | NOTE | |
r-oldrel-macos-arm64 | 1.0.1 | 132.00 | NOTE | |||
r-oldrel-macos-x86_64 | 1.0.1 | 418.00 | NOTE | |||
r-oldrel-windows-x86_64 | 1.0.1 | 18.00 | 293.00 | 311.00 | NOTE |
Version: 1.0.1
Check: installed package size
Result: NOTE
installed size is 6.8Mb
sub-directories of 1Mb or more:
doc 6.1Mb
Flavors: r-devel-linux-x86_64-fedora-clang, r-devel-windows-x86_64, r-release-macos-arm64, r-release-macos-x86_64, r-release-windows-x86_64, r-oldrel-macos-arm64, r-oldrel-macos-x86_64, r-oldrel-windows-x86_64