CRAN Package Check Results for Package olr

Last updated on 2025-04-29 13:51:32 CEST.

Flavor Version Tinstall Tcheck Ttotal Status Flags
r-devel-linux-x86_64-debian-clang 1.1 2.35 22.55 24.90 NOTE
r-devel-linux-x86_64-debian-gcc 1.1 1.63 18.26 19.89 NOTE
r-devel-linux-x86_64-fedora-clang 1.1 38.53 OK
r-devel-linux-x86_64-fedora-gcc 1.1 37.05 OK
r-devel-windows-x86_64 1.1 3.00 43.00 46.00 OK
r-patched-linux-x86_64 1.1 1.85 21.71 23.56 OK
r-release-linux-x86_64 1.1 1.78 21.50 23.28 OK
r-release-macos-arm64 1.1 17.00 OK
r-release-macos-x86_64 1.1 28.00 OK
r-release-windows-x86_64 1.1 3.00 44.00 47.00 OK
r-oldrel-macos-arm64 1.1 16.00 NOTE
r-oldrel-macos-x86_64 1.1 23.00 NOTE
r-oldrel-windows-x86_64 1.1 4.00 44.00 48.00 NOTE

Check Details

Version: 1.1
Check: CRAN incoming feasibility
Result: NOTE Maintainer: ‘Mathew Fok <mfok@stevens.edu>’ No Authors@R field in DESCRIPTION. Please add one, modifying Authors@R: person(given = "Mathew", family = "Fok", role = c("aut", "cre"), email = "mfok@stevens.edu") as necessary. Flavors: r-devel-linux-x86_64-debian-clang, r-devel-linux-x86_64-debian-gcc

Version: 1.1
Check: LazyData
Result: NOTE 'LazyData' is specified without a 'data' directory Flavors: r-oldrel-macos-arm64, r-oldrel-macos-x86_64, r-oldrel-windows-x86_64