Last updated on 2025-10-24 05:50:49 CEST.
| Flavor | Version | Tinstall | Tcheck | Ttotal | Status | Flags |
|---|---|---|---|---|---|---|
| r-devel-linux-x86_64-debian-clang | 1.1.2 | 19.25 | 189.74 | 208.99 | NOTE | |
| r-devel-linux-x86_64-debian-gcc | 1.1.2 | 13.74 | 134.58 | 148.32 | OK | |
| r-devel-linux-x86_64-fedora-clang | 1.1.2 | 95.00 | 233.98 | 328.98 | OK | |
| r-devel-linux-x86_64-fedora-gcc | 1.1.2 | 36.00 | 274.65 | 310.65 | OK | |
| r-devel-windows-x86_64 | 1.1.2 | 20.00 | 165.00 | 185.00 | OK | |
| r-patched-linux-x86_64 | 1.1.2 | 17.37 | 178.41 | 195.78 | OK | |
| r-release-linux-x86_64 | 1.1.2 | 16.16 | 176.96 | 193.12 | OK | |
| r-release-macos-arm64 | 1.1.2 | 7.00 | 69.00 | 76.00 | OK | |
| r-release-macos-x86_64 | 1.1.2 | 13.00 | 129.00 | 142.00 | OK | |
| r-release-windows-x86_64 | 1.1.2 | 20.00 | 165.00 | 185.00 | OK | |
| r-oldrel-macos-arm64 | 1.1.2 | 9.00 | 69.00 | 78.00 | OK | |
| r-oldrel-macos-x86_64 | 1.1.2 | 10.00 | 99.00 | 109.00 | OK | |
| r-oldrel-windows-x86_64 | 1.1.2 | 28.00 | 222.00 | 250.00 | OK |
Version: 1.1.2
Check: HTML version of manual
Result: NOTE
Found the following HTML validation problems:
make_omelette.html:54:1 (make_omelette.Rd:14): Warning: missing </ul> before </div>
plate_omelette.html:57:1 (plate_omelette.Rd:20): Warning: missing </ul> before </div>
plate_omelette_rxnko.html:48:1 (plate_omelette_rxnko.Rd:10): Warning: missing </ul> before </div>
Flavor: r-devel-linux-x86_64-debian-clang