CRAN Package Check Results for Package ontologySimilarity

Last updated on 2025-04-29 13:51:32 CEST.

Flavor Version Tinstall Tcheck Ttotal Status Flags
r-devel-linux-x86_64-debian-clang 2.7 29.54 232.78 262.32 NOTE
r-devel-linux-x86_64-debian-gcc 2.7 21.84 171.97 193.81 NOTE
r-devel-linux-x86_64-fedora-clang 2.7 399.56 OK
r-devel-linux-x86_64-fedora-gcc 2.7 359.64 OK
r-devel-windows-x86_64 2.7 36.00 238.00 274.00 OK
r-patched-linux-x86_64 2.7 31.51 199.46 230.97 OK
r-release-linux-x86_64 2.7 31.60 198.27 229.87 OK
r-release-macos-arm64 2.7 151.00 OK
r-release-macos-x86_64 2.7 478.00 OK
r-release-windows-x86_64 2.7 35.00 239.00 274.00 OK
r-oldrel-macos-arm64 2.7 117.00 OK
r-oldrel-macos-x86_64 2.7 160.00 OK
r-oldrel-windows-x86_64 2.7 32.00 279.00 311.00 OK

Check Details

Version: 2.7
Check: CRAN incoming feasibility
Result: NOTE Maintainer: ‘Daniel Greene <dg333@cam.ac.uk>’ No Authors@R field in DESCRIPTION. Please add one, modifying Authors@R: person(given = "Daniel", family = "Greene", role = c("aut", "cre"), email = "dg333@cam.ac.uk") as necessary. Flavors: r-devel-linux-x86_64-debian-clang, r-devel-linux-x86_64-debian-gcc