Last updated on 2025-11-16 00:48:39 CET.
| Flavor | Version | Tinstall | Tcheck | Ttotal | Status | Flags |
|---|---|---|---|---|---|---|
| r-devel-linux-x86_64-debian-clang | 0.1.1 | 2.33 | 24.58 | 26.91 | OK | |
| r-devel-linux-x86_64-debian-gcc | 0.1.1 | 1.64 | 20.94 | 22.58 | OK | |
| r-devel-linux-x86_64-fedora-clang | 0.1.1 | 39.13 | NOTE | |||
| r-devel-linux-x86_64-fedora-gcc | 0.1.1 | 52.60 | NOTE | |||
| r-devel-windows-x86_64 | 0.1.1 | 10.00 | 43.00 | 53.00 | OK | |
| r-patched-linux-x86_64 | 0.1.1 | 2.39 | 22.34 | 24.73 | OK | |
| r-release-linux-x86_64 | 0.1.1 | 2.26 | 22.33 | 24.59 | OK | |
| r-release-macos-arm64 | 0.1.1 | 1.00 | 24.00 | 25.00 | OK | |
| r-release-macos-x86_64 | 0.1.1 | 2.00 | 39.00 | 41.00 | OK | |
| r-release-windows-x86_64 | 0.1.1 | 5.00 | 43.00 | 48.00 | OK | |
| r-oldrel-macos-arm64 | 0.1.1 | 1.00 | 21.00 | 22.00 | OK | |
| r-oldrel-macos-x86_64 | 0.1.1 | 2.00 | 30.00 | 32.00 | OK | |
| r-oldrel-windows-x86_64 | 0.1.1 | 4.00 | 48.00 | 52.00 | OK |
Version: 0.1.1
Check: dependencies in R code
Result: NOTE
Namespaces in Imports field not imported from:
‘dplyr’ ‘glue’ ‘httpcode’ ‘httr’ ‘jsonlite’ ‘tidyr’
All declared Imports should be used.
Flavors: r-devel-linux-x86_64-fedora-clang, r-devel-linux-x86_64-fedora-gcc