CRAN Package Check Results for Package openxlsx

Last updated on 2025-10-23 17:50:56 CEST.

Flavor Version Tinstall Tcheck Ttotal Status Flags
r-devel-linux-x86_64-debian-clang 4.2.8 90.41 124.56 214.97 NOTE
r-devel-linux-x86_64-debian-gcc 4.2.8 66.15 83.79 149.94 NOTE
r-devel-linux-x86_64-fedora-clang 4.2.8 224.00 141.60 365.60 NOTE
r-devel-linux-x86_64-fedora-gcc 4.2.8 277.00 105.42 382.42 NOTE
r-devel-windows-x86_64 4.2.8 99.00 176.00 275.00 OK
r-patched-linux-x86_64 4.2.8 100.07 114.62 214.69 OK
r-release-linux-x86_64 4.2.8 96.83 114.90 211.73 OK
r-release-macos-arm64 4.2.8 34.00 65.00 99.00 OK
r-release-macos-x86_64 4.2.8 57.00 151.00 208.00 OK
r-release-windows-x86_64 4.2.8 99.00 177.00 276.00 OK
r-oldrel-macos-arm64 4.2.8 38.00 80.00 118.00 NOTE
r-oldrel-macos-x86_64 4.2.8 68.00 192.00 260.00 NOTE
r-oldrel-windows-x86_64 4.2.8 134.00 216.00 350.00 OK

Check Details

Version: 4.2.8
Check: HTML version of manual
Result: NOTE Found the following HTML validation problems: all.equal.html:55:1 (all.equal.Rd:15): Warning: missing </ul> before </div> as_POSIXct_utc.html:46:1 (as_POSIXct_utc.Rd:10): Warning: missing </ul> before </div> temp_xlsx.html:46:1 (temp_xlsx.Rd:10): Warning: missing </ul> before </div> Flavor: r-devel-linux-x86_64-debian-clang

Version: 4.2.8
Check: Rd files
Result: NOTE checkRd: (-1) writeDataTable.Rd:70: height/width attributes should be in pixels Flavors: r-devel-linux-x86_64-debian-gcc, r-devel-linux-x86_64-fedora-clang, r-devel-linux-x86_64-fedora-gcc

Version: 4.2.8
Check: installed package size
Result: NOTE installed size is 7.4Mb sub-directories of 1Mb or more: extdata 1.2Mb libs 5.1Mb Flavors: r-oldrel-macos-arm64, r-oldrel-macos-x86_64