Last updated on 2024-07-13 11:49:21 CEST.
Flavor | Version | Tinstall | Tcheck | Ttotal | Status | Flags |
---|---|---|---|---|---|---|
r-devel-linux-x86_64-debian-clang | 1.0.1 | 12.63 | 89.70 | 102.33 | NOTE | |
r-devel-linux-x86_64-debian-gcc | 1.0.1 | 9.71 | 66.68 | 76.39 | NOTE | |
r-devel-linux-x86_64-fedora-clang | 1.0.1 | 125.61 | NOTE | |||
r-devel-linux-x86_64-fedora-gcc | 1.0.1 | 121.58 | NOTE | |||
r-devel-windows-x86_64 | 1.0.1 | 10.00 | 83.00 | 93.00 | NOTE | |
r-patched-linux-x86_64 | 1.0.1 | 14.24 | 85.75 | 99.99 | NOTE | |
r-release-linux-x86_64 | 1.0.1 | 13.21 | 86.24 | 99.45 | NOTE | |
r-release-macos-arm64 | 1.0.1 | 47.00 | OK | |||
r-release-macos-x86_64 | 1.0.1 | 67.00 | OK | |||
r-release-windows-x86_64 | 1.0.1 | 10.00 | 83.00 | 93.00 | OK | |
r-oldrel-macos-arm64 | 1.0.1 | 42.00 | OK | |||
r-oldrel-macos-x86_64 | 1.0.1 | 66.00 | OK | |||
r-oldrel-windows-x86_64 | 1.0.1 | 12.00 | 93.00 | 105.00 | OK |
Version: 1.0.1
Check: for non-standard things in the check directory
Result: NOTE
Found the following files/directories:
‘Graph_layout_Doptbd_trtE’
Flavors: r-devel-linux-x86_64-debian-clang, r-devel-linux-x86_64-debian-gcc, r-devel-linux-x86_64-fedora-clang, r-devel-linux-x86_64-fedora-gcc, r-patched-linux-x86_64, r-release-linux-x86_64
Version: 1.0.1
Check: Rd cross-references
Result: NOTE
Found the following Rd file(s) with Rd \link{} targets missing package
anchors:
graphoptbd.mae.Rd: igraph
Please provide package anchors for all Rd \link{} targets not in the
package itself and the base packages.
Flavor: r-devel-windows-x86_64