Last updated on 2025-04-29 13:51:32 CEST.
Flavor | Version | Tinstall | Tcheck | Ttotal | Status | Flags |
---|---|---|---|---|---|---|
r-devel-linux-x86_64-debian-clang | 1.7.1 | 3.84 | 65.84 | 69.68 | NOTE | |
r-devel-linux-x86_64-debian-gcc | 1.7.1 | 2.53 | 41.55 | 44.08 | NOTE | |
r-devel-linux-x86_64-fedora-clang | 1.7.1 | 114.48 | NOTE | |||
r-devel-linux-x86_64-fedora-gcc | 1.7.1 | 107.71 | NOTE | |||
r-devel-windows-x86_64 | 1.7.1 | 5.00 | 72.00 | 77.00 | NOTE | |
r-patched-linux-x86_64 | 1.7.1 | 3.63 | 60.96 | 64.59 | NOTE | |
r-release-linux-x86_64 | 1.7.1 | 4.07 | 59.65 | 63.72 | NOTE | |
r-release-macos-arm64 | 1.7.1 | 27.00 | NOTE | |||
r-release-macos-x86_64 | 1.7.1 | 61.00 | NOTE | |||
r-release-windows-x86_64 | 1.7.1 | 6.00 | 77.00 | 83.00 | NOTE | |
r-oldrel-macos-arm64 | 1.7.1 | 28.00 | NOTE | |||
r-oldrel-macos-x86_64 | 1.7.1 | 40.00 | NOTE | |||
r-oldrel-windows-x86_64 | 1.7.1 | 5.00 | 68.00 | 73.00 | NOTE |
Version: 1.7.1
Check: Rd files
Result: NOTE
checkRd: (-1) drawdesign.Rd:39: Lost braces in \itemize; meant \describe ?
checkRd: (-1) drawdesign.Rd:40: Lost braces in \itemize; meant \describe ?
checkRd: (-1) drawdesign.Rd:41: Lost braces in \itemize; meant \describe ?
checkRd: (-1) drawdesign.Rd:42: Lost braces in \itemize; meant \describe ?
checkRd: (-1) drawdesign.Rd:43: Lost braces in \itemize; meant \describe ?
checkRd: (-1) drawdesign.Rd:44: Lost braces in \itemize; meant \describe ?
Flavors: r-devel-linux-x86_64-debian-clang, r-devel-linux-x86_64-debian-gcc, r-devel-linux-x86_64-fedora-clang, r-devel-linux-x86_64-fedora-gcc, r-devel-windows-x86_64, r-patched-linux-x86_64, r-release-linux-x86_64, r-release-macos-arm64, r-release-macos-x86_64, r-release-windows-x86_64, r-oldrel-macos-arm64, r-oldrel-macos-x86_64, r-oldrel-windows-x86_64
Version: 1.7.1
Check: examples
Result: NOTE
Examples with CPU (user + system) or elapsed time > 5s
user system elapsed
efficiency 11.945 0.000 16.303
drawdesign 9.840 0.004 11.942
optical 9.301 0.004 13.160
convergenceplot 9.053 0.033 12.296
Flavor: r-devel-linux-x86_64-debian-clang
Version: 1.7.1
Check: examples
Result: NOTE
Examples with CPU (user + system) or elapsed time > 5s
user system elapsed
efficiency 7.127 0.000 8.720
optical 5.354 0.001 6.327
drawdesign 5.016 0.000 6.087
convergenceplot 4.600 0.018 5.915
Flavor: r-devel-linux-x86_64-debian-gcc