Last updated on 2025-04-29 13:51:32 CEST.
Flavor | Version | Tinstall | Tcheck | Ttotal | Status | Flags |
---|---|---|---|---|---|---|
r-devel-linux-x86_64-debian-clang | 1.0 | 1.49 | 15.59 | 17.08 | NOTE | |
r-devel-linux-x86_64-debian-gcc | 1.0 | 1.24 | 12.83 | 14.07 | NOTE | |
r-devel-linux-x86_64-fedora-clang | 1.0 | 26.84 | OK | |||
r-devel-linux-x86_64-fedora-gcc | 1.0 | 25.60 | OK | |||
r-devel-windows-x86_64 | 1.0 | 3.00 | 33.00 | 36.00 | OK | |
r-patched-linux-x86_64 | 1.0 | 1.50 | 14.91 | 16.41 | OK | |
r-release-linux-x86_64 | 1.0 | 1.53 | 14.90 | 16.43 | OK | |
r-release-macos-arm64 | 1.0 | 14.00 | OK | |||
r-release-macos-x86_64 | 1.0 | 21.00 | OK | |||
r-release-windows-x86_64 | 1.0 | 3.00 | 39.00 | 42.00 | OK | |
r-oldrel-macos-arm64 | 1.0 | 13.00 | OK | |||
r-oldrel-macos-x86_64 | 1.0 | 17.00 | OK | |||
r-oldrel-windows-x86_64 | 1.0 | 2.00 | 32.00 | 34.00 | OK |
Version: 1.0
Check: CRAN incoming feasibility
Result: NOTE
Maintainer: ‘Nicholas Hamilton <n.hamilton@unsw.edu.au>’
No Authors@R field in DESCRIPTION.
Please add one, modifying
Authors@R: person(given = "Nicholas",
family = "Hamilton",
role = c("aut", "cre"),
email = "n.hamilton@unsw.edu.au")
as necessary.
Flavors: r-devel-linux-x86_64-debian-clang, r-devel-linux-x86_64-debian-gcc