Last updated on 2025-10-24 05:50:49 CEST.
| Flavor | Version | Tinstall | Tcheck | Ttotal | Status | Flags |
|---|---|---|---|---|---|---|
| r-devel-linux-x86_64-debian-clang | 0.8 | 46.93 | 245.17 | 292.10 | OK | |
| r-devel-linux-x86_64-debian-gcc | 0.8 | 38.51 | 163.84 | 202.35 | OK | |
| r-devel-linux-x86_64-fedora-clang | 0.8 | 203.00 | 267.57 | 470.57 | OK | |
| r-devel-linux-x86_64-fedora-gcc | 0.8 | 104.00 | 357.23 | 461.23 | OK | |
| r-devel-windows-x86_64 | 0.8 | 49.00 | 217.00 | 266.00 | OK | |
| r-patched-linux-x86_64 | 0.8 | 45.70 | 229.93 | 275.63 | OK | |
| r-release-linux-x86_64 | 0.8 | 48.94 | 228.62 | 277.56 | OK | |
| r-release-macos-arm64 | 0.8 | 30.00 | 74.00 | 104.00 | OK | |
| r-release-macos-x86_64 | 0.8 | 75.00 | 166.00 | 241.00 | OK | |
| r-release-windows-x86_64 | 0.8 | 49.00 | 216.00 | 265.00 | OK | |
| r-oldrel-macos-arm64 | 0.8 | 27.00 | 73.00 | 100.00 | NOTE | |
| r-oldrel-macos-x86_64 | 0.8 | 80.00 | 148.00 | 228.00 | NOTE | |
| r-oldrel-windows-x86_64 | 0.8 | 67.00 | 288.00 | 355.00 | NOTE |
Version: 0.8
Check: installed package size
Result: NOTE
installed size is 8.0Mb
sub-directories of 1Mb or more:
data 6.0Mb
doc 1.8Mb
Flavors: r-oldrel-macos-arm64, r-oldrel-macos-x86_64, r-oldrel-windows-x86_64