CRAN Package Check Results for Package orders

Last updated on 2025-11-16 06:49:46 CET.

Flavor Version Tinstall Tcheck Ttotal Status Flags
r-devel-linux-x86_64-debian-clang 0.1.8 3.49 39.02 42.51 NOTE
r-devel-linux-x86_64-debian-gcc 0.1.8 3.08 30.78 33.86 NOTE
r-devel-linux-x86_64-fedora-clang 0.1.8 13.00 53.11 66.11 OK
r-devel-linux-x86_64-fedora-gcc 0.1.8 63.79 OK
r-devel-windows-x86_64 0.1.8 6.00 59.00 65.00 OK
r-patched-linux-x86_64 0.1.8 4.57 37.44 42.01 OK
r-release-linux-x86_64 0.1.8 4.00 37.19 41.19 OK
r-release-macos-arm64 0.1.8 2.00 23.00 25.00 OK
r-release-macos-x86_64 0.1.8 4.00 41.00 45.00 OK
r-release-windows-x86_64 0.1.8 5.00 59.00 64.00 OK
r-oldrel-macos-arm64 0.1.8 2.00 21.00 23.00 OK
r-oldrel-macos-x86_64 0.1.8 4.00 43.00 47.00 OK
r-oldrel-windows-x86_64 0.1.8 5.00 69.00 74.00 OK

Check Details

Version: 0.1.8
Check: CRAN incoming feasibility
Result: NOTE Maintainer: ‘Carlos Alberto Cardozo Delgado <cardozorpackages@gmail.com>’ No Authors@R field in DESCRIPTION. Please add one, modifying Authors@R: person(given = c("Carlos", "Alberto", "Cardozo"), family = "Delgado", role = c("aut", "cre"), email = "cardozorpackages@gmail.com") as necessary. Flavors: r-devel-linux-x86_64-debian-clang, r-devel-linux-x86_64-debian-gcc