Last updated on 2025-10-24 18:50:02 CEST.
| Flavor | Version | Tinstall | Tcheck | Ttotal | Status | Flags |
|---|---|---|---|---|---|---|
| r-devel-linux-x86_64-debian-clang | 2.4-4 | 56.88 | 30.75 | 87.63 | OK | |
| r-devel-linux-x86_64-debian-gcc | 2.4-4 | 41.51 | 24.09 | 65.60 | OK | |
| r-devel-linux-x86_64-fedora-clang | 2.4-4 | 120.00 | 58.20 | 178.20 | OK | |
| r-devel-linux-x86_64-fedora-gcc | 2.4-4 | 107.00 | 50.43 | 157.43 | OK | |
| r-devel-windows-x86_64 | 2.4-4 | 71.00 | 65.00 | 136.00 | OK | |
| r-patched-linux-x86_64 | 2.4-4 | 59.50 | 28.93 | 88.43 | OK | |
| r-release-linux-x86_64 | 2.4-4 | 59.37 | 29.38 | 88.75 | OK | |
| r-release-macos-arm64 | 2.4-4 | 27.00 | 21.00 | 48.00 | OK | |
| r-release-macos-x86_64 | 2.4-4 | 23.00 | 28.00 | 51.00 | OK | |
| r-release-windows-x86_64 | 2.4-4 | 75.00 | 69.00 | 144.00 | OK | |
| r-oldrel-macos-arm64 | 2.4-4 | 26.00 | 18.00 | 44.00 | NOTE | |
| r-oldrel-macos-x86_64 | 2.4-4 | 16.00 | 42.00 | 58.00 | NOTE | |
| r-oldrel-windows-x86_64 | 2.4-4 | 87.00 | 82.00 | 169.00 | OK |
Version: 2.4-4
Check: installed package size
Result: NOTE
installed size is 5.7Mb
sub-directories of 1Mb or more:
libs 5.6Mb
Flavors: r-oldrel-macos-arm64, r-oldrel-macos-x86_64