Last updated on 2025-11-16 18:49:38 CET.
| Flavor | Version | Tinstall | Tcheck | Ttotal | Status | Flags |
|---|---|---|---|---|---|---|
| r-devel-linux-x86_64-debian-clang | 0.1.4 | 33.45 | 296.32 | 329.77 | NOTE | |
| r-devel-linux-x86_64-debian-gcc | 0.1.4 | 22.46 | 186.63 | 209.09 | NOTE | |
| r-devel-linux-x86_64-fedora-clang | 0.1.4 | 56.00 | 527.70 | 583.70 | NOTE | |
| r-devel-linux-x86_64-fedora-gcc | 0.1.4 | 55.00 | 524.13 | 579.13 | NOTE | |
| r-devel-windows-x86_64 | 0.1.4 | 44.00 | 263.00 | 307.00 | NOTE | |
| r-patched-linux-x86_64 | 0.1.4 | 30.87 | 271.90 | 302.77 | NOTE | |
| r-release-linux-x86_64 | 0.1.4 | 32.04 | 274.13 | 306.17 | NOTE | |
| r-release-macos-arm64 | 0.1.4 | 15.00 | 129.00 | 144.00 | NOTE | |
| r-release-macos-x86_64 | 0.1.4 | 21.00 | 360.00 | 381.00 | NOTE | |
| r-release-windows-x86_64 | 0.1.4 | 40.00 | 260.00 | 300.00 | NOTE | |
| r-oldrel-macos-arm64 | 0.1.4 | 15.00 | 81.00 | 96.00 | NOTE | |
| r-oldrel-macos-x86_64 | 0.1.4 | 15.00 | 133.00 | 148.00 | NOTE | |
| r-oldrel-windows-x86_64 | 0.1.4 | 48.00 | 353.00 | 401.00 | NOTE |
Version: 0.1.4
Check: CRAN incoming feasibility
Result: NOTE
Maintainer: ‘Gabriel Okasa <okasa.gabriel@gmail.com>’
No Authors@R field in DESCRIPTION.
Please add one, modifying
Authors@R: c(person(given = "Gabriel",
family = "Okasa",
role = c("aut", "cre"),
email = "okasa.gabriel@gmail.com"),
person(given = "Michael",
family = "Lechner",
role = "ctb"))
as necessary.
Package CITATION file contains call(s) to old-style personList() or
as.personList(). Please use c() on person objects instead.
Package CITATION file contains call(s) to old-style citEntry(). Please
use bibentry() instead.
The Description field contains
Lechner & Okasa (2019) <arXiv:1907.02436>. The Ordered Forest flexibly
2017) <arXiv:1508.04409>.
Please refer to arXiv e-prints via their arXiv DOI <doi:10.48550/arXiv.YYMM.NNNNN>.
Flavors: r-devel-linux-x86_64-debian-clang, r-devel-linux-x86_64-debian-gcc
Version: 0.1.4
Check: Rd files
Result: NOTE
checkRd: (-1) orf.Rd:74: Lost braces
74 | matrix of covariates \code{X} and a vector of outcomes 'code{Y} to the \code{orf}
| ^
Flavors: r-devel-linux-x86_64-debian-clang, r-devel-linux-x86_64-debian-gcc, r-devel-linux-x86_64-fedora-clang, r-devel-linux-x86_64-fedora-gcc, r-devel-windows-x86_64, r-patched-linux-x86_64, r-release-linux-x86_64, r-release-macos-arm64, r-release-macos-x86_64, r-release-windows-x86_64, r-oldrel-macos-arm64, r-oldrel-macos-x86_64, r-oldrel-windows-x86_64