Last updated on 2025-11-16 18:49:38 CET.
| Flavor | Version | Tinstall | Tcheck | Ttotal | Status | Flags |
|---|---|---|---|---|---|---|
| r-devel-linux-x86_64-debian-clang | 0.1.7 | 3.44 | 25.60 | 29.04 | NOTE | |
| r-devel-linux-x86_64-debian-gcc | 0.1.7 | 2.36 | 21.12 | 23.48 | NOTE | |
| r-devel-linux-x86_64-fedora-clang | 0.1.7 | 42.72 | OK | |||
| r-devel-linux-x86_64-fedora-gcc | 0.1.7 | 42.87 | OK | |||
| r-devel-windows-x86_64 | 0.1.7 | 5.00 | 44.00 | 49.00 | OK | |
| r-patched-linux-x86_64 | 0.1.7 | 3.51 | 24.44 | 27.95 | OK | |
| r-release-linux-x86_64 | 0.1.7 | 2.82 | 24.60 | 27.42 | OK | |
| r-release-macos-arm64 | 0.1.7 | 2.00 | 18.00 | 20.00 | OK | |
| r-release-macos-x86_64 | 0.1.7 | 3.00 | 27.00 | 30.00 | OK | |
| r-release-windows-x86_64 | 0.1.7 | 6.00 | 44.00 | 50.00 | OK | |
| r-oldrel-macos-arm64 | 0.1.7 | 2.00 | 19.00 | 21.00 | OK | |
| r-oldrel-macos-x86_64 | 0.1.7 | 3.00 | 24.00 | 27.00 | OK | |
| r-oldrel-windows-x86_64 | 0.1.7 | 5.00 | 51.00 | 56.00 | OK |
Version: 0.1.7
Check: CRAN incoming feasibility
Result: NOTE
Maintainer: ‘Andrew Redd <andrew.redd@hsc.utah.edu>’
No Authors@R field in DESCRIPTION.
Please add one, modifying
Authors@R: person(given = "Andrew",
family = "Redd",
role = c("aut", "cre"),
email = "andrew.redd@hsc.utah.edu")
as necessary.
Flavors: r-devel-linux-x86_64-debian-clang, r-devel-linux-x86_64-debian-gcc