Last updated on 2025-10-24 05:50:49 CEST.
| Flavor | Version | Tinstall | Tcheck | Ttotal | Status | Flags |
|---|---|---|---|---|---|---|
| r-devel-linux-x86_64-debian-clang | 0.1.36 | 1.89 | 27.54 | 29.43 | NOTE | |
| r-devel-linux-x86_64-debian-gcc | 0.1.36 | 1.53 | 22.72 | 24.25 | NOTE | |
| r-devel-linux-x86_64-fedora-clang | 0.1.36 | 43.76 | OK | |||
| r-devel-linux-x86_64-fedora-gcc | 0.1.36 | 56.46 | OK | |||
| r-devel-windows-x86_64 | 0.1.36 | 4.00 | 49.00 | 53.00 | OK | |
| r-patched-linux-x86_64 | 0.1.36 | 2.08 | 25.55 | 27.63 | OK | |
| r-release-linux-x86_64 | 0.1.36 | 1.78 | 25.47 | 27.25 | OK | |
| r-release-macos-arm64 | 0.1.36 | 1.00 | 31.00 | 32.00 | OK | |
| r-release-macos-x86_64 | 0.1.36 | 2.00 | 42.00 | 44.00 | OK | |
| r-release-windows-x86_64 | 0.1.36 | 3.00 | 47.00 | 50.00 | OK | |
| r-oldrel-macos-arm64 | 0.1.36 | 1.00 | 23.00 | 24.00 | OK | |
| r-oldrel-macos-x86_64 | 0.1.36 | 2.00 | 32.00 | 34.00 | OK | |
| r-oldrel-windows-x86_64 | 0.1.36 | 5.00 | 53.00 | 58.00 | OK |
Version: 0.1.36
Check: CRAN incoming feasibility
Result: NOTE
Maintainer: ‘Adrian Staempfli <adrian.staempfli@ost.ch>’
No Authors@R field in DESCRIPTION.
Please add one, modifying
Authors@R: c(person(given = "Adrian",
family = "Staempfli",
role = c("aut", "cre"),
email = "adrian.staempfli@ost.ch"),
person(given = "Christoph",
family = "Strauss",
role = "aut"))
as necessary.
Flavors: r-devel-linux-x86_64-debian-clang, r-devel-linux-x86_64-debian-gcc