Last updated on 2025-11-16 18:49:38 CET.
| Flavor | Version | Tinstall | Tcheck | Ttotal | Status | Flags |
|---|---|---|---|---|---|---|
| r-devel-linux-x86_64-debian-clang | 2.20 | 5.23 | 31.80 | 37.03 | OK | |
| r-devel-linux-x86_64-debian-gcc | 2.20 | 3.76 | 25.42 | 29.18 | NOTE | |
| r-devel-linux-x86_64-fedora-clang | 2.20 | 13.00 | 43.80 | 56.80 | OK | |
| r-devel-linux-x86_64-fedora-gcc | 2.20 | 12.00 | 43.28 | 55.28 | OK | |
| r-devel-windows-x86_64 | 2.20 | 12.00 | 53.00 | 65.00 | OK | |
| r-patched-linux-x86_64 | 2.20 | 6.28 | 30.46 | 36.74 | OK | |
| r-release-linux-x86_64 | 2.20 | 4.49 | 30.41 | 34.90 | OK | |
| r-release-macos-arm64 | 2.20 | 4.00 | 17.00 | 21.00 | OK | |
| r-release-macos-x86_64 | 2.20 | 7.00 | 35.00 | 42.00 | OK | |
| r-release-windows-x86_64 | 2.20 | 9.00 | 53.00 | 62.00 | OK | |
| r-oldrel-macos-arm64 | 2.20 | 4.00 | 21.00 | 25.00 | OK | |
| r-oldrel-macos-x86_64 | 2.20 | 10.00 | 47.00 | 57.00 | OK | |
| r-oldrel-windows-x86_64 | 2.20 | 11.00 | 59.00 | 70.00 | OK |
Version: 2.20
Check: CRAN incoming feasibility
Result: NOTE
Maintainer: ‘Aaron A. King <kingaa@umich.edu>’
The BugReports field in DESCRIPTION has
https://github.com/kingaa/ouch/issues/
which should likely be
https://github.com/kingaa/ouch/issues/issues
instead.
Flavor: r-devel-linux-x86_64-debian-gcc