CRAN Package Check Results for Package outbreaker2

Last updated on 2025-07-19 14:48:33 CEST.

Flavor Version Tinstall Tcheck Ttotal Status Flags
r-devel-linux-x86_64-debian-clang 1.1.3 31.52 681.08 712.60 NOTE
r-devel-linux-x86_64-debian-gcc 1.1.3 25.31 414.61 439.92 NOTE
r-devel-linux-x86_64-fedora-clang 1.1.3 1189.64 NOTE
r-devel-linux-x86_64-fedora-gcc 1.1.3 1226.16 NOTE
r-devel-windows-x86_64 1.1.3 39.00 198.00 237.00 NOTE
r-patched-linux-x86_64 1.1.3 34.85 653.99 688.84 NOTE
r-release-linux-x86_64 1.1.3 34.34 652.98 687.32 NOTE
r-release-macos-arm64 1.1.3 131.00 NOTE
r-release-macos-x86_64 1.1.3 239.00 NOTE
r-release-windows-x86_64 1.1.3 38.00 197.00 235.00 NOTE
r-oldrel-macos-arm64 1.1.3 139.00 NOTE
r-oldrel-macos-x86_64 1.1.3 198.00 NOTE
r-oldrel-windows-x86_64 1.1.3 47.00 251.00 298.00 NOTE

Check Details

Version: 1.1.3
Check: CRAN incoming feasibility
Result: NOTE Maintainer: ‘Finlay Campbell <finlaycampbell93@gmail.com>’ Package CITATION file contains call(s) to old-style citEntry(). Please use bibentry() instead. Flavors: r-devel-linux-x86_64-debian-clang, r-devel-linux-x86_64-debian-gcc

Version: 1.1.3
Check: C++ specification
Result: NOTE Specified C++11: please drop specification unless essential Flavors: r-devel-linux-x86_64-debian-clang, r-devel-linux-x86_64-debian-gcc, r-devel-linux-x86_64-fedora-clang, r-devel-linux-x86_64-fedora-gcc, r-devel-windows-x86_64, r-patched-linux-x86_64, r-release-linux-x86_64, r-release-macos-arm64, r-release-macos-x86_64, r-release-windows-x86_64, r-oldrel-macos-arm64, r-oldrel-macos-x86_64, r-oldrel-windows-x86_64