Last updated on 2025-05-01 20:49:46 CEST.
Flavor | Version | Tinstall | Tcheck | Ttotal | Status | Flags |
---|---|---|---|---|---|---|
r-devel-linux-x86_64-debian-clang | 1.0.1 | 21.77 | 166.54 | 188.31 | NOTE | |
r-devel-linux-x86_64-debian-gcc | 1.0.1 | 17.03 | 115.70 | 132.73 | OK | |
r-devel-linux-x86_64-fedora-clang | 1.0.1 | 274.11 | OK | |||
r-devel-linux-x86_64-fedora-gcc | 1.0.1 | 264.35 | OK | |||
r-devel-windows-x86_64 | 1.0.1 | 21.00 | 154.00 | 175.00 | OK | |
r-patched-linux-x86_64 | 1.0.1 | 19.85 | 154.98 | 174.83 | OK | |
r-release-linux-x86_64 | OK | |||||
r-release-macos-arm64 | 1.0.1 | 84.00 | OK | |||
r-release-macos-x86_64 | 1.0.1 | 126.00 | OK | |||
r-release-windows-x86_64 | 1.0.1 | 22.00 | 160.00 | 182.00 | OK | |
r-oldrel-macos-arm64 | 1.0.1 | 88.00 | OK | |||
r-oldrel-macos-x86_64 | 1.0.1 | 117.00 | OK | |||
r-oldrel-windows-x86_64 | 1.0.1 | 28.00 | 187.00 | 215.00 | OK |
Version: 1.0.1
Check: examples
Result: NOTE
Examples with CPU (user + system) or elapsed time > 5s
user system elapsed
single_oga 6.357 0.312 9.16
Flavor: r-devel-linux-x86_64-debian-clang