Last updated on 2024-07-13 11:49:21 CEST.
Flavor | Version | Tinstall | Tcheck | Ttotal | Status | Flags |
---|---|---|---|---|---|---|
r-devel-linux-x86_64-debian-clang | 1.9.0 | 105.56 | 49.78 | 155.34 | OK | |
r-devel-linux-x86_64-debian-gcc | 1.9.0 | 76.32 | 37.49 | 113.81 | OK | |
r-devel-linux-x86_64-fedora-clang | 1.9.0 | 249.02 | OK | |||
r-devel-linux-x86_64-fedora-gcc | 1.9.0 | 250.05 | OK | |||
r-devel-windows-x86_64 | 1.9.0 | 92.00 | 77.00 | 169.00 | OK | |
r-patched-linux-x86_64 | 1.9.0 | 88.70 | 46.99 | 135.69 | OK | |
r-release-linux-x86_64 | 1.9.0 | 86.76 | 47.24 | 134.00 | OK | |
r-release-macos-arm64 | 1.9.0 | 62.00 | NOTE | |||
r-release-macos-x86_64 | 1.9.0 | 101.00 | NOTE | |||
r-release-windows-x86_64 | 1.9.0 | 90.00 | 80.00 | 170.00 | OK | |
r-oldrel-macos-arm64 | 1.9.0 | 69.00 | NOTE | |||
r-oldrel-macos-x86_64 | 1.9.0 | 141.00 | NOTE | |||
r-oldrel-windows-x86_64 | 1.9.0 | 84.00 | 90.00 | 174.00 | OK |
Version: 1.9.0
Check: installed package size
Result: NOTE
installed size is 6.9Mb
sub-directories of 1Mb or more:
doc 1.1Mb
libs 5.5Mb
Flavors: r-release-macos-arm64, r-release-macos-x86_64, r-oldrel-macos-arm64, r-oldrel-macos-x86_64