Last updated on 2024-07-13 05:49:21 CEST.
Flavor | Version | Tinstall | Tcheck | Ttotal | Status | Flags |
---|---|---|---|---|---|---|
r-devel-linux-x86_64-debian-clang | 0.2.2 | 2.10 | 39.39 | 41.49 | NOTE | |
r-devel-linux-x86_64-debian-gcc | 0.2.2 | 2.57 | 29.63 | 32.20 | NOTE | |
r-devel-linux-x86_64-fedora-clang | 0.2.2 | 52.55 | NOTE | |||
r-devel-linux-x86_64-fedora-gcc | 0.2.2 | 50.10 | NOTE | |||
r-devel-windows-x86_64 | 0.2.2 | 4.00 | 51.00 | 55.00 | NOTE | |
r-patched-linux-x86_64 | 0.2.2 | 2.39 | 37.48 | 39.87 | NOTE | |
r-release-linux-x86_64 | 0.2.2 | 1.85 | 37.69 | 39.54 | NOTE | |
r-release-macos-arm64 | 0.2.2 | 19.00 | NOTE | |||
r-release-macos-x86_64 | 0.2.2 | 29.00 | NOTE | |||
r-release-windows-x86_64 | 0.2.2 | 5.00 | 51.00 | 56.00 | NOTE | |
r-oldrel-macos-arm64 | 0.2.2 | 21.00 | NOTE | |||
r-oldrel-macos-x86_64 | 0.2.2 | 28.00 | NOTE | |||
r-oldrel-windows-x86_64 | 0.2.2 | 5.00 | 55.00 | 60.00 | NOTE |
Version: 0.2.2
Check: LazyData
Result: NOTE
'LazyData' is specified without a 'data' directory
Flavors: r-devel-linux-x86_64-debian-clang, r-devel-linux-x86_64-debian-gcc, r-devel-linux-x86_64-fedora-clang, r-devel-linux-x86_64-fedora-gcc, r-devel-windows-x86_64, r-patched-linux-x86_64, r-release-linux-x86_64, r-release-macos-arm64, r-release-macos-x86_64, r-release-windows-x86_64, r-oldrel-macos-arm64, r-oldrel-macos-x86_64, r-oldrel-windows-x86_64