CRAN Package Check Results for Package pKSEA

Last updated on 2025-04-29 13:51:34 CEST.

Flavor Version Tinstall Tcheck Ttotal Status Flags
r-devel-linux-x86_64-debian-clang 0.0.1 3.26 32.12 35.38 NOTE
r-devel-linux-x86_64-debian-gcc 0.0.1 2.65 24.38 27.03 OK
r-devel-linux-x86_64-fedora-clang 0.0.1 54.75 OK
r-devel-linux-x86_64-fedora-gcc 0.0.1 56.69 OK
r-devel-windows-x86_64 0.0.1 4.00 53.00 57.00 OK
r-patched-linux-x86_64 0.0.1 3.71 29.70 33.41 OK
r-release-linux-x86_64 0.0.1 3.68 29.58 33.26 OK
r-release-macos-arm64 0.0.1 22.00 OK
r-release-macos-x86_64 0.0.1 35.00 OK
r-release-windows-x86_64 0.0.1 4.00 58.00 62.00 OK
r-oldrel-macos-arm64 0.0.1 22.00 OK
r-oldrel-macos-x86_64 0.0.1 31.00 OK
r-oldrel-windows-x86_64 0.0.1 4.00 51.00 55.00 OK

Check Details

Version: 0.0.1
Check: examples
Result: NOTE Examples with CPU (user + system) or elapsed time > 5s user system elapsed batchrun 4.579 0.06 5.779 Flavor: r-devel-linux-x86_64-debian-clang