Last updated on 2025-04-29 13:51:35 CEST.
Flavor | Version | Tinstall | Tcheck | Ttotal | Status | Flags |
---|---|---|---|---|---|---|
r-devel-linux-x86_64-debian-clang | 3.1.1 | 3.25 | 20.23 | 23.48 | NOTE | |
r-devel-linux-x86_64-debian-gcc | 3.1.1 | 2.53 | 16.04 | 18.57 | NOTE | |
r-devel-linux-x86_64-fedora-clang | 3.1.1 | 36.11 | NOTE | |||
r-devel-linux-x86_64-fedora-gcc | 3.1.1 | 34.58 | NOTE | |||
r-devel-windows-x86_64 | 3.1.1 | 6.00 | 41.00 | 47.00 | OK | |
r-patched-linux-x86_64 | 3.1.1 | 3.11 | 19.27 | 22.38 | OK | |
r-release-linux-x86_64 | 3.1.1 | 2.79 | 19.19 | 21.98 | OK | |
r-release-macos-arm64 | 3.1.1 | 18.00 | OK | |||
r-release-macos-x86_64 | 3.1.1 | 43.00 | OK | |||
r-release-windows-x86_64 | 3.1.1 | 6.00 | 45.00 | 51.00 | OK | |
r-oldrel-macos-arm64 | 3.1.1 | 18.00 | OK | |||
r-oldrel-macos-x86_64 | 3.1.1 | 34.00 | OK | |||
r-oldrel-windows-x86_64 | 3.1.1 | 6.00 | 39.00 | 45.00 | OK |
Version: 3.1.1
Check: CRAN incoming feasibility
Result: NOTE
Maintainer: ‘M. S. Islam <shahed-sta@sust.edu>’
No Authors@R field in DESCRIPTION.
Please add one, modifying
Authors@R: person(given = c("M.", "S."),
family = "Islam",
role = c("aut", "cre"),
email = "shahed-sta@sust.edu")
as necessary.
Flavors: r-devel-linux-x86_64-debian-clang, r-devel-linux-x86_64-debian-gcc
Version: 3.1.1
Check: compiled code
Result: NOTE
File ‘pRSR/libs/pRSR.so’:
Found no calls to: ‘R_registerRoutines’, ‘R_useDynamicSymbols’
It is good practice to register native routines and to disable symbol
search.
See ‘Writing portable packages’ in the ‘Writing R Extensions’ manual.
Flavors: r-devel-linux-x86_64-fedora-clang, r-devel-linux-x86_64-fedora-gcc