Last updated on 2025-04-29 13:51:33 CEST.
Flavor | Version | Tinstall | Tcheck | Ttotal | Status | Flags |
---|---|---|---|---|---|---|
r-devel-linux-x86_64-debian-clang | 0.1.44 | 13.97 | 256.36 | 270.33 | OK | |
r-devel-linux-x86_64-debian-gcc | 0.1.44 | 8.84 | 173.64 | 182.48 | OK | |
r-devel-linux-x86_64-fedora-clang | 0.1.44 | 413.05 | OK | |||
r-devel-linux-x86_64-fedora-gcc | 0.1.44 | 407.32 | OK | |||
r-devel-windows-x86_64 | 0.1.44 | 14.00 | 235.00 | 249.00 | OK | |
r-patched-linux-x86_64 | 0.1.44 | 12.49 | 238.44 | 250.93 | OK | |
r-release-linux-x86_64 | 0.1.44 | 13.39 | 237.92 | 251.31 | OK | |
r-release-macos-arm64 | 0.1.44 | 156.00 | OK | |||
r-release-macos-x86_64 | 0.1.44 | 216.00 | OK | |||
r-release-windows-x86_64 | 0.1.44 | 15.00 | 242.00 | 257.00 | OK | |
r-oldrel-macos-arm64 | 0.1.44 | 109.00 | NOTE | |||
r-oldrel-macos-x86_64 | 0.1.44 | 213.00 | NOTE | |||
r-oldrel-windows-x86_64 | 0.1.44 | 21.00 | 311.00 | 332.00 | NOTE |
Version: 0.1.44
Check: installed package size
Result: NOTE
installed size is 7.1Mb
sub-directories of 1Mb or more:
doc 1.9Mb
extdata 4.8Mb
Flavors: r-oldrel-macos-arm64, r-oldrel-macos-x86_64, r-oldrel-windows-x86_64