CRAN Package Check Results for Package painter

Last updated on 2025-07-18 07:49:38 CEST.

Flavor Version Tinstall Tcheck Ttotal Status Flags
r-devel-linux-x86_64-debian-clang 0.1.0 1.71 17.80 19.51 OK
r-devel-linux-x86_64-debian-gcc 0.1.0 1.64 14.59 16.23 OK
r-devel-linux-x86_64-fedora-clang 0.1.0 30.43 OK
r-devel-linux-x86_64-fedora-gcc 0.1.0 28.72 OK
r-devel-windows-x86_64 0.1.0 4.00 37.00 41.00 OK
r-patched-linux-x86_64 0.1.0 1.98 16.67 18.65 OK
r-release-linux-x86_64 0.1.0 1.79 16.63 18.42 OK
r-release-macos-arm64 0.1.0 15.00 OK
r-release-macos-x86_64 0.1.0 22.00 OK
r-release-windows-x86_64 0.1.0 2.00 40.00 42.00 OK
r-oldrel-macos-arm64 0.1.0 14.00 NOTE
r-oldrel-macos-x86_64 0.1.0 18.00 NOTE
r-oldrel-windows-x86_64 0.1.0 3.00 36.00 39.00 NOTE

Check Details

Version: 0.1.0
Check: LazyData
Result: NOTE 'LazyData' is specified without a 'data' directory Flavors: r-oldrel-macos-arm64, r-oldrel-macos-x86_64, r-oldrel-windows-x86_64