Last updated on 2025-04-29 13:51:33 CEST.
Flavor | Version | Tinstall | Tcheck | Ttotal | Status | Flags |
---|---|---|---|---|---|---|
r-devel-linux-x86_64-debian-clang | 1.0 | 1.46 | 17.03 | 18.49 | NOTE | |
r-devel-linux-x86_64-debian-gcc | 1.0 | 1.49 | 14.16 | 15.65 | NOTE | |
r-devel-linux-x86_64-fedora-clang | 1.0 | 29.15 | OK | |||
r-devel-linux-x86_64-fedora-gcc | 1.0 | 27.89 | OK | |||
r-devel-windows-x86_64 | 1.0 | 2.00 | 36.00 | 38.00 | OK | |
r-patched-linux-x86_64 | 1.0 | 1.84 | 16.42 | 18.26 | OK | |
r-release-linux-x86_64 | 1.0 | 1.52 | 16.32 | 17.84 | OK | |
r-release-macos-arm64 | 1.0 | 13.00 | OK | |||
r-release-macos-x86_64 | 1.0 | 20.00 | OK | |||
r-release-windows-x86_64 | 1.0 | 3.00 | 39.00 | 42.00 | OK | |
r-oldrel-macos-arm64 | 1.0 | 13.00 | OK | |||
r-oldrel-macos-x86_64 | 1.0 | 18.00 | OK | |||
r-oldrel-windows-x86_64 | 1.0 | 3.00 | 35.00 | 38.00 | OK |
Version: 1.0
Check: CRAN incoming feasibility
Result: NOTE
Maintainer: ‘Daniel Greene <dg333@cam.ac.uk>’
No Authors@R field in DESCRIPTION.
Please add one, modifying
Authors@R: person(given = "Daniel",
family = "Greene",
role = c("aut", "cre"),
email = "dg333@cam.ac.uk")
as necessary.
Flavors: r-devel-linux-x86_64-debian-clang, r-devel-linux-x86_64-debian-gcc