Last updated on 2025-05-17 07:50:27 CEST.
Flavor | Version | Tinstall | Tcheck | Ttotal | Status | Flags |
---|---|---|---|---|---|---|
r-devel-linux-x86_64-debian-clang | 1.0.0 | 7.01 | 63.83 | 70.84 | OK | |
r-devel-linux-x86_64-debian-gcc | 1.0.0 | 4.19 | 46.65 | 50.84 | OK | |
r-devel-linux-x86_64-fedora-clang | 1.0.0 | 111.81 | OK | |||
r-devel-linux-x86_64-fedora-gcc | 1.0.0 | 129.31 | OK | |||
r-devel-windows-x86_64 | 1.0.0 | 8.00 | 80.00 | 88.00 | OK | |
r-patched-linux-x86_64 | 1.0.0 | 6.42 | 58.66 | 65.08 | OK | |
r-release-linux-x86_64 | 1.0.0 | 6.88 | 59.82 | 66.70 | OK | |
r-release-macos-arm64 | 1.0.0 | 54.00 | OK | |||
r-release-macos-x86_64 | 1.0.0 | 90.00 | OK | |||
r-release-windows-x86_64 | 1.0.0 | 9.00 | 76.00 | 85.00 | OK | |
r-oldrel-macos-arm64 | 1.0.0 | 60.00 | NOTE | |||
r-oldrel-macos-x86_64 | 1.0.0 | 99.00 | NOTE | |||
r-oldrel-windows-x86_64 | 1.0.0 | 10.00 | 93.00 | 103.00 | NOTE |
Version: 1.0.0
Check: package dependencies
Result: NOTE
Package suggested but not available for checking: ‘CorShrink’
Flavors: r-oldrel-macos-arm64, r-oldrel-macos-x86_64, r-oldrel-windows-x86_64