Last updated on 2024-06-27 10:49:38 CEST.
Flavor | Version | Tinstall | Tcheck | Ttotal | Status | Flags |
---|---|---|---|---|---|---|
r-devel-linux-x86_64-debian-clang | 3.4.5 | NOTE | ||||
r-devel-linux-x86_64-debian-gcc | 3.4.5 | 23.44 | 305.61 | 329.05 | NOTE | |
r-devel-linux-x86_64-fedora-clang | 3.4.5 | 578.04 | NOTE | |||
r-devel-linux-x86_64-fedora-gcc | 3.4.5 | 553.05 | NOTE | |||
r-devel-windows-x86_64 | 3.4.5 | 25.00 | 295.00 | 320.00 | NOTE | |
r-patched-linux-x86_64 | 3.4.5 | 35.84 | 437.98 | 473.82 | NOTE | |
r-release-linux-x86_64 | 3.4.5 | 25.29 | 439.78 | 465.07 | NOTE | |
r-release-macos-arm64 | 3.4.5 | 116.00 | NOTE | |||
r-release-macos-x86_64 | 3.4.5 | 217.00 | NOTE | |||
r-release-windows-x86_64 | 3.4.5 | 27.00 | 297.00 | 324.00 | NOTE | |
r-oldrel-macos-arm64 | 3.4.5 | 131.00 | OK | |||
r-oldrel-macos-x86_64 | 3.4.5 | 226.00 | OK | |||
r-oldrel-windows-x86_64 | 3.4.5 | 34.00 | 394.00 | 428.00 | OK |
Version: 3.4.5
Check: Rd files
Result: NOTE
checkRd: (-1) branchClasses.Rd:15: Lost braces; missing escapes or markup?
15 | \item{whichExtant}{A logical vector with length equal to number of tips in the tree. A {TRUE} value indicates
| ^
checkRd: (-1) minCharChange.Rd:134: Lost braces; missing escapes or markup?
134 | an identical name in function \code{phyDat} in package {phangorn}.
| ^
checkRd: (-1) resolveTreeChar.Rd:98: Lost braces; missing escapes or markup?
98 | an identical name in function \code{phyDat} in package {phangorn}.
| ^
checkRd: (-1) simFossilRecord.Rd:44: Lost braces
44 | since its origination time is code{D},
| ^
Flavors: r-devel-linux-x86_64-debian-clang, r-devel-linux-x86_64-debian-gcc, r-devel-linux-x86_64-fedora-clang, r-devel-linux-x86_64-fedora-gcc, r-devel-windows-x86_64, r-patched-linux-x86_64, r-release-linux-x86_64, r-release-macos-arm64, r-release-macos-x86_64, r-release-windows-x86_64