Last updated on 2025-04-29 13:51:33 CEST.
Flavor | Version | Tinstall | Tcheck | Ttotal | Status | Flags |
---|---|---|---|---|---|---|
r-devel-linux-x86_64-debian-clang | 1.0.1 | 8.30 | 78.21 | 86.51 | NOTE | |
r-devel-linux-x86_64-debian-gcc | 1.0.1 | 5.86 | 53.80 | 59.66 | OK | |
r-devel-linux-x86_64-fedora-clang | 1.0.1 | 137.25 | OK | |||
r-devel-linux-x86_64-fedora-gcc | 1.0.1 | 145.99 | OK | |||
r-devel-windows-x86_64 | 1.0.1 | 10.00 | 91.00 | 101.00 | OK | |
r-patched-linux-x86_64 | 1.0.1 | 8.42 | 73.97 | 82.39 | OK | |
r-release-linux-x86_64 | 1.0.1 | 8.50 | 74.18 | 82.68 | OK | |
r-release-macos-arm64 | 1.0.1 | 44.00 | OK | |||
r-release-macos-x86_64 | 1.0.1 | 82.00 | OK | |||
r-release-windows-x86_64 | 1.0.1 | 10.00 | 93.00 | 103.00 | OK | |
r-oldrel-macos-arm64 | 1.0.1 | 40.00 | OK | |||
r-oldrel-macos-x86_64 | 1.0.1 | 67.00 | OK | |||
r-oldrel-windows-x86_64 | 1.0.1 | 12.00 | 111.00 | 123.00 | OK |
Version: 1.0.1
Check: examples
Result: NOTE
Examples with CPU (user + system) or elapsed time > 5s
user system elapsed
hpjecdf 5.996 0.271 8.339
tojecdf 5.304 0.106 7.619
Flavor: r-devel-linux-x86_64-debian-clang