Last updated on 2025-04-29 13:51:33 CEST.
Flavor | Version | Tinstall | Tcheck | Ttotal | Status | Flags |
---|---|---|---|---|---|---|
r-devel-linux-x86_64-debian-clang | 0.1.5 | 4.52 | 40.16 | 44.68 | NOTE | |
r-devel-linux-x86_64-debian-gcc | 0.1.5 | 2.96 | 28.13 | 31.09 | NOTE | |
r-devel-linux-x86_64-fedora-clang | 0.1.5 | 67.22 | OK | |||
r-devel-linux-x86_64-fedora-gcc | 0.1.5 | 63.41 | OK | |||
r-devel-windows-x86_64 | 0.1.5 | 6.00 | 59.00 | 65.00 | OK | |
r-patched-linux-x86_64 | 0.1.5 | 4.37 | 37.32 | 41.69 | OK | |
r-release-linux-x86_64 | 0.1.5 | 4.06 | 36.76 | 40.82 | OK | |
r-release-macos-arm64 | 0.1.5 | 27.00 | OK | |||
r-release-macos-x86_64 | 0.1.5 | 45.00 | OK | |||
r-release-windows-x86_64 | 0.1.5 | 6.00 | 65.00 | 71.00 | OK | |
r-oldrel-macos-arm64 | 0.1.5 | 23.00 | OK | |||
r-oldrel-macos-x86_64 | 0.1.5 | 39.00 | OK | |||
r-oldrel-windows-x86_64 | 0.1.5 | 6.00 | 68.00 | 74.00 | OK |
Version: 0.1.5
Check: CRAN incoming feasibility
Result: NOTE
Maintainer: ‘Sacha Epskamp <mail@sachaepskamp.com>’
No Authors@R field in DESCRIPTION.
Please add one, modifying
Authors@R: person(given = "Sacha",
family = "Epskamp",
role = c("aut", "cre"),
email = "mail@sachaepskamp.com")
as necessary.
Flavors: r-devel-linux-x86_64-debian-clang, r-devel-linux-x86_64-debian-gcc
Version: 0.1.5
Check: examples
Result: NOTE
Examples with CPU (user + system) or elapsed time > 5s
user system elapsed
parSim 4.432 0.157 7.172
Flavor: r-devel-linux-x86_64-debian-clang